000
CDUS45 KREV 250835
CLIRNO


CLIMATE REPORT
NATIONAL WEATHER SERVICE RENO NV
135 AM PDT WED APR 25 2018


...................................

...THE RENO-TAHOE INTL AIRPORT NV CLIMATE SUMMARY FOR APRIL 24 2018...

CLIMATE NORMAL PERIOD 1981 TO 2010
CLIMATE RECORD PERIOD 1888 TO 2018


WEATHER ITEM   OBSERVED TIME   RECORD YEAR NORMAL DEPARTURE LAST
                VALUE   (LST)  VALUE       VALUE  FROM      YEAR
                                                  NORMAL
..................................................................
TEMPERATURE (F)
 YESTERDAY
  MAXIMUM         75    353 PM  87    1946  66      9       58
  MINIMUM         44    523 AM  18    1958  40      4       46
  AVERAGE         60                        53      7       52

PRECIPITATION (IN)
  YESTERDAY        0.00          0.16 2015   0.02  -0.02     0.00
                                      1896
  MONTH TO DATE    0.51                      0.38   0.13     0.65
  SINCE OCT 1      5.30                      5.55  -0.25    14.30
  SINCE JAN 1      3.73                      3.19   0.54    10.51

SNOWFALL (IN)
  YESTERDAY        0.0           1.7  1931   0.0    0.0      0.0
  MONTH TO DATE    0.2                       0.4   -0.2       T
  SINCE MAR 1     20.1                       2.4   17.7      2.9
  SINCE JUL 1     24.9                      21.4    3.5     27.0
  SNOW DEPTH       0

DEGREE DAYS
 HEATING
  YESTERDAY        5                        12     -7       13
  MONTH TO DATE  292                       359    -67      327
  SINCE MAR 1    983                       957     26      828
  SINCE JUL 1   4250                      4595   -345     4201

 COOLING
  YESTERDAY        0                         0      0        0
  MONTH TO DATE    0                         0      0        0
  SINCE MAR 1      0                         0      0        0
  SINCE JAN 1      0                         0      0        0
..................................................................


WIND (MPH)
  RESULTANT WIND SPEED   3   RESULTANT WIND DIRECTION   E (100)
  HIGHEST WIND SPEED    18   HIGHEST WIND DIRECTION     E (80)
  HIGHEST GUST SPEED    23   HIGHEST GUST DIRECTION     E (80)
  AVERAGE WIND SPEED     5.3



WEATHER CONDITIONS
 THE FOLLOWING WEATHER WAS RECORDED YESTERDAY.
  NO SIGNIFICANT WEATHER WAS OBSERVED.


RELATIVE HUMIDITY (PERCENT)
 HIGHEST    49           500 AM
 LOWEST     13           200 PM
 AVERAGE    31

..........................................................


THE RENO-TAHOE INTL AIRPORT NV CLIMATE NORMALS FOR TODAY
                         NORMAL    RECORD    YEAR
 MAXIMUM TEMPERATURE (F)   67        84      1927
 MINIMUM TEMPERATURE (F)   40        19      1944


SUNRISE AND SUNSET
APRIL 25 2018.........SUNRISE   608 AM PDT   SUNSET   747 PM PDT
APRIL 26 2018.........SUNRISE   606 AM PDT   SUNSET   748 PM PDT


-  INDICATES NEGATIVE NUMBERS.
R  INDICATES RECORD WAS SET OR TIED.
MM INDICATES DATA IS MISSING.
T  INDICATES TRACE AMOUNT.




$$
