634
CDUS46 KLOX 240916
CLISDB


CLIMATE REPORT
NATIONAL WEATHER SERVICE LOS ANGELES/OXNARD CA
216 AM PDT THU MAY 24 2018


...................................

...THE SANDBERG CA CLIMATE SUMMARY FOR MAY 23 2018...

CLIMATE NORMAL PERIOD 1981 TO 2010
CLIMATE RECORD PERIOD 1934 TO 2018


WEATHER ITEM   OBSERVED TIME   RECORD YEAR NORMAL DEPARTURE LAST
                VALUE   (LST)  VALUE       VALUE  FROM      YEAR
                                                  NORMAL
..................................................................
TEMPERATURE (F)
 YESTERDAY
  MAXIMUM         68    401 PM  92    2017  70     -2       92
  MINIMUM         43    206 AM  28    2010  50     -7       69
  AVERAGE         56                        60     -4       81

PRECIPITATION (IN)
  YESTERDAY        0.00          0.35 2008   0.01  -0.01     0.00
  MONTH TO DATE    0.25                      0.35  -0.10     0.02
  SINCE OCT 1      6.92                     11.99  -5.07    12.78
  SINCE JAN 1      6.87                      8.36  -1.49     8.94

DEGREE DAYS
 HEATING
  YESTERDAY        9                         7      2        0
  MONTH TO DATE  190                       206    -16      158
  SINCE MAR 1   1120                      1222   -102      762
  SINCE JUL 1   2719                      3981  -1262     3019

 COOLING
  YESTERDAY        0                         2     -2       16
  MONTH TO DATE   12                        22    -10       92
  SINCE MAR 1     14                        30    -16      113
  SINCE JAN 1     16                        30    -14      113
..................................................................


WIND (MPH)
  HIGHEST WIND SPEED    17   HIGHEST WIND DIRECTION     S (170)
  HIGHEST GUST SPEED    25   HIGHEST GUST DIRECTION    SW (210)
  AVERAGE WIND SPEED     9.9


SKY COVER
  POSSIBLE SUNSHINE  MM
  AVERAGE SKY COVER 0.3


WEATHER CONDITIONS
 THE FOLLOWING WEATHER WAS RECORDED YESTERDAY.
  FOG
  FOG W/VISIBILITY <= 1/4 MILE
  HAZE


RELATIVE HUMIDITY (PERCENT)
 HIGHEST   100           300 AM
 LOWEST     48           400 PM
 AVERAGE    74

..........................................................


THE SANDBERG CA CLIMATE NORMALS FOR TODAY
                         NORMAL    RECORD    YEAR
 MAXIMUM TEMPERATURE (F)   70        87      1936
 MINIMUM TEMPERATURE (F)   51        30      1980


SUNRISE AND SUNSET
MAY 24 2018...........SUNRISE   546 AM PDT   SUNSET   758 PM PDT
MAY 25 2018...........SUNRISE   546 AM PDT   SUNSET   759 PM PDT


-  INDICATES NEGATIVE NUMBERS.
R  INDICATES RECORD WAS SET OR TIED.
MM INDICATES DATA IS MISSING.
T  INDICATES TRACE AMOUNT.




$$
