000
CDUS46 KLOX 251245
CLISMX


CLIMATE REPORT
NATIONAL WEATHER SERVICE LOS ANGELES/OXNARD CA
545 AM PDT WED APR 25 2018


...................................

...THE SANTA MARIA AIRPORT CA CLIMATE SUMMARY FOR APRIL 24 2018...

CLIMATE NORMAL PERIOD 1981 TO 2010
CLIMATE RECORD PERIOD 1906 TO 2018


WEATHER ITEM   OBSERVED TIME   RECORD YEAR NORMAL DEPARTURE LAST
                VALUE   (LST)  VALUE       VALUE  FROM      YEAR
                                                  NORMAL
..................................................................
TEMPERATURE (F)
 YESTERDAY
  MAXIMUM         66    227 PM  87    1910  68     -2       65
  MINIMUM         50   1028 PM  31    1971  45      5       48
                                      1921
  AVERAGE         58                        56      2       57

PRECIPITATION (IN)
  YESTERDAY        0.00          1.06 1938   0.02  -0.02     0.00
  MONTH TO DATE    0.41                      0.85  -0.44     1.18
  SINCE OCT 1      6.01                     13.28  -7.27    18.10
  SINCE JAN 1      5.89                      9.23  -3.34    13.30

SNOWFALL (IN)
  YESTERDAY        0.0
  MONTH TO DATE    0.0
  SINCE MAR 1      0.0
  SINCE JUL 1      0.0

DEGREE DAYS
 HEATING
  YESTERDAY        7                         9     -2
  MONTH TO DATE  156                       232    -76
  SINCE MAR 1    465                       572   -107
  SINCE JUL 1   1581                      2405   -824

 COOLING
  YESTERDAY        0                         0      0
  MONTH TO DATE    7                         0      7
  SINCE MAR 1      7                         1      6
  SINCE JAN 1      7                         2      5
..................................................................


WIND (MPH)
  HIGHEST WIND SPEED    14   HIGHEST WIND DIRECTION    NW (310)
  HIGHEST GUST SPEED    18   HIGHEST GUST DIRECTION     N (350)
  AVERAGE WIND SPEED     4.1


SKY COVER
  POSSIBLE SUNSHINE  MM
  AVERAGE SKY COVER 0.7


WEATHER CONDITIONS
 THE FOLLOWING WEATHER WAS RECORDED YESTERDAY.
  FOG


RELATIVE HUMIDITY (PERCENT)
 HIGHEST   100          1200 AM
 LOWEST     63           100 PM
 AVERAGE    82

..........................................................


THE SANTA MARIA AIRPORT CA CLIMATE NORMALS FOR TODAY
                         NORMAL    RECORD    YEAR
 MAXIMUM TEMPERATURE (F)   68        89      1996
 MINIMUM TEMPERATURE (F)   45        33      1974
                                             1964


SUNRISE AND SUNSET
APRIL 25 2018.........SUNRISE   618 AM PDT   SUNSET   742 PM PDT
APRIL 26 2018.........SUNRISE   616 AM PDT   SUNSET   743 PM PDT


-  INDICATES NEGATIVE NUMBERS.
R  INDICATES RECORD WAS SET OR TIED.
MM INDICATES DATA IS MISSING.
T  INDICATES TRACE AMOUNT.




$$
