000
CDUS44 KOUN 260627 RRA
CLISPS

CLIMATE REPORT
NATIONAL WEATHER SERVICE NORMAN OK
126 AM CDT THU APR 26 2018


...................................

...THE WICHITA FALLS CLIMATE SUMMARY FOR APRIL 25 2018...

CLIMATE NORMAL PERIOD 1981 TO 2010
CLIMATE RECORD PERIOD 1897 TO 2018


WEATHER ITEM   OBSERVED TIME   RECORD YEAR NORMAL DEPARTURE LAST
                VALUE   (LST)  VALUE       VALUE  FROM      YEAR
                                                  NORMAL
..................................................................
TEMPERATURE (F)
 YESTERDAY
  MAXIMUM         65   1220 AM  98    2012  78    -13       93
  MINIMUM         43   1159 PM  38    2013  53    -10       63
  AVERAGE         54                        65    -11       78

PRECIPITATION (IN)
  YESTERDAY        0.33          2.54 1966   0.11   0.22     0.00
  MONTH TO DATE    1.52                      2.03  -0.51     0.90
  SINCE MAR 1      4.31                      4.23   0.08     1.65
  SINCE JAN 1      7.17                      7.12   0.05     5.62

SNOWFALL (IN)
  YESTERDAY        0.0           0.0    MM   0.0    0.0      0.0
  MONTH TO DATE    0.0                       0.0    0.0      0.0
  SINCE MAR 1      0.0                       0.5   -0.5      0.0
  SINCE JUL 1      1.0                       3.9   -2.9       T

DEGREE DAYS
 HEATING
  YESTERDAY       11                         3      8        0
  MONTH TO DATE  228                       131     97       70
  SINCE MAR 1    480                       488     -8      274
  SINCE JUL 1   2866                      2934    -68     2118

 COOLING
  YESTERDAY        0                         3     -3       13
  MONTH TO DATE   35                        52    -17       68
  SINCE MAR 1     63                        71     -8      125
  SINCE JAN 1     72                        74     -2      143
..................................................................


WIND (MPH)
  HIGHEST WIND SPEED    30   HIGHEST WIND DIRECTION     N (360)
  HIGHEST GUST SPEED    35   HIGHEST GUST DIRECTION     N (360)
  AVERAGE WIND SPEED    14.1


SKY COVER
  AVERAGE SKY COVER 0.7


WEATHER CONDITIONS
 THE FOLLOWING WEATHER WAS RECORDED YESTERDAY.
  THUNDERSTORM
  RAIN
  LIGHT RAIN
  FOG


RELATIVE HUMIDITY (PERCENT)
 HIGHEST    86          1200 PM
 LOWEST     55           400 PM
 AVERAGE    71

..........................................................


THE WICHITA FALLS CLIMATE NORMALS FOR TODAY
                         NORMAL    RECORD    YEAR
 MAXIMUM TEMPERATURE (F)   79        98      1939
 MINIMUM TEMPERATURE (F)   53        40      1947


SUNRISE AND SUNSET
APRIL 26 2018.........SUNRISE   650 AM CDT   SUNSET   814 PM CDT
APRIL 27 2018.........SUNRISE   649 AM CDT   SUNSET   815 PM CDT


-  INDICATES NEGATIVE NUMBERS.
R  INDICATES RECORD WAS SET OR TIED.
MM INDICATES DATA IS MISSING.
T  INDICATES TRACE AMOUNT.




$$
