000
CDUS45 KPUB 201033
CLITAD


CLIMATE REPORT
NATIONAL WEATHER SERVICE PUEBLO
433 AM MDT FRI APR 20 2018


...................................

...THE TRINIDAD CO CLIMATE SUMMARY FOR APRIL 19 2018...

CLIMATE NORMAL PERIOD 1981 TO 2010
CLIMATE RECORD PERIOD 9999 TO 9999


WEATHER ITEM   OBSERVED TIME   NORMAL DEPARTURE LAST
                VALUE   (LST)  VALUE  FROM      YEAR
                                      NORMAL
......................................................
TEMPERATURE (F)
 YESTERDAY
  MAXIMUM         68    237 PM  66      2       82
  MINIMUM         29    435 AM  35     -6       51
  AVERAGE         49            51     -2       67

PRECIPITATION (IN)
  YESTERDAY        0.00          0.04  -0.04     0.00
  MONTH TO DATE    0.20          0.67  -0.47     1.15
  SINCE MAR 1      0.85          1.56  -0.71     3.06
  SINCE JAN 1      1.27          2.45  -1.18     4.62

DEGREE DAYS
 HEATING
  YESTERDAY       16            14      2        0
  MONTH TO DATE  294           322    -28      224
  SINCE MAR 1    883          1029   -146      695
  SINCE JUL 1   4407          5151   -744     4151

 COOLING
  YESTERDAY        0             0      0        2
  MONTH TO DATE    1             0      1        2
  SINCE MAR 1      1             0      1        3
  SINCE JAN 1      1             0      1        3
......................................................


WIND (MPH)
  HIGHEST WIND SPEED    41   HIGHEST WIND DIRECTION     S (190)
  HIGHEST GUST SPEED    55   HIGHEST GUST DIRECTION     S (190)
  AVERAGE WIND SPEED    18.5


SKY COVER
  POSSIBLE SUNSHINE  MM
  AVERAGE SKY COVER 0.0


WEATHER CONDITIONS
 THE FOLLOWING WEATHER WAS RECORDED YESTERDAY.
  NO SIGNIFICANT WEATHER WAS OBSERVED.


RELATIVE HUMIDITY (PERCENT)
 HIGHEST    39           400 AM
 LOWEST     12           200 PM
 AVERAGE    26

..........................................................




SUNRISE AND SUNSET
APRIL 20 2018.........SUNRISE   616 AM MDT   SUNSET   737 PM MDT
APRIL 21 2018.........SUNRISE   615 AM MDT   SUNSET   738 PM MDT


-  INDICATES NEGATIVE NUMBERS.
R  INDICATES RECORD WAS SET OR TIED.
MM INDICATES DATA IS MISSING.
T  INDICATES TRACE AMOUNT.




$$
