000
CDUS42 KTBW 200829
CLITPA


CLIMATE REPORT
NATIONAL WEATHER SERVICE TAMPA BAY FL
427 AM EDT SUN MAY 20 2018


...................................

...THE TAMPA CLIMATE SUMMARY FOR MAY 19 2018...

CLIMATE NORMAL PERIOD 1981 TO 2010
CLIMATE RECORD PERIOD 1890 TO 2018


WEATHER ITEM   OBSERVED TIME   RECORD YEAR NORMAL DEPARTURE LAST
                VALUE   (LST)  VALUE       VALUE  FROM      YEAR
                                                  NORMAL
..................................................................
TEMPERATURE (F)
 YESTERDAY
  MAXIMUM         87   1152 AM  98    2017  88     -1       98
  MINIMUM         72   1157 PM  56    1979  71      1       75
  AVERAGE         80                        79      1       87

PRECIPITATION (IN)
  YESTERDAY        0.06          1.14 1959   0.08  -0.02     0.81
  MONTH TO DATE    2.10                      1.04   1.06     1.32
  SINCE MAR 1      4.61                      6.10  -1.49     2.90
  SINCE JAN 1     12.32                     11.14   1.18     5.86

DEGREE DAYS
 HEATING
  YESTERDAY        0                         0      0        0
  MONTH TO DATE    0                         0      0        0
  SINCE MAR 1     67                        67      0       28
  SINCE JUL 1    338                       538   -200      164

 COOLING
  YESTERDAY       15                        14      1       22
  MONTH TO DATE  264                       234     30      295
  SINCE MAR 1    668                       581     87      854
  SINCE JAN 1    985                       694    291     1107
..................................................................


WIND (MPH)
  RESULTANT WIND SPEED   2   RESULTANT WIND DIRECTION  SE (120)
  HIGHEST WIND SPEED    17   HIGHEST WIND DIRECTION     N (360)
  HIGHEST GUST SPEED    23   HIGHEST GUST DIRECTION    NE (40)
  AVERAGE WIND SPEED     4.6


SKY COVER
  POSSIBLE SUNSHINE  MM
  AVERAGE SKY COVER 0.7


WEATHER CONDITIONS
 THE FOLLOWING WEATHER WAS RECORDED YESTERDAY.
  THUNDERSTORM
  LIGHT RAIN


RELATIVE HUMIDITY (PERCENT)
 HIGHEST    87           200 AM
 LOWEST     57          1200 PM
 AVERAGE    72

..........................................................


THE TAMPA CLIMATE NORMALS FOR TODAY
                         NORMAL    RECORD    YEAR
 MAXIMUM TEMPERATURE (F)   88        96      2017
 MINIMUM TEMPERATURE (F)   71        53      1894


SUNRISE AND SUNSET
MAY 20 2018...........SUNRISE   638 AM EDT   SUNSET   816 PM EDT
MAY 21 2018...........SUNRISE   638 AM EDT   SUNSET   816 PM EDT


-  INDICATES NEGATIVE NUMBERS.
R  INDICATES RECORD WAS SET OR TIED.
MM INDICATES DATA IS MISSING.
T  INDICATES TRACE AMOUNT.




$$


&&
------------------------------------------------------------------
******************** SUPPLEMENTAL DATA ***************************

...RUSKIN                HIGH 86    LOW 70    PCPN 0.87
...SARASOTA/BRADENTON    HIGH 85    LOW 70    PCPN 0.30
...ST. PETERSBURG        HIGH 86    LOW 73    PCPN 0.17
...GULF WATER TEMPERATURE AT CLEARWATER BEACH 80 DEGREES
