579
CDUS45 KLKN 270034
CLITPH


CLIMATE REPORT
NATIONAL WEATHER SERVICE ELKO NV
532 PM PDT THU APR 26 2018


...................................

...THE TONOPAH AIRPORT NV CLIMATE SUMMARY FOR APRIL 26 2018...
VALID TODAY AS OF 0500 PM LOCAL TIME.

CLIMATE NORMAL PERIOD 1981 TO 2010
CLIMATE RECORD PERIOD 1954 TO 2018


WEATHER ITEM   OBSERVED TIME   RECORD YEAR NORMAL DEPARTURE LAST
                VALUE   (LST)  VALUE       VALUE  FROM      YEAR
                                                  NORMAL
..................................................................
TEMPERATURE (F)
 TODAY
  MAXIMUM         84R   303 PM  82    2000  68     16       72
                                      1992
  MINIMUM         50    505 AM  22    1984  37     13       43
  AVERAGE         67                        52     15       58

PRECIPITATION (IN)
  TODAY            0.00          0.23 2002   0.01  -0.01      T
                                      1956
  MONTH TO DATE    T                         0.36  -0.36     0.17
  SINCE OCT 1      0.73                      3.03  -2.30     1.99
  SINCE JAN 1      0.72                      1.94  -1.22     1.46

DEGREE DAYS
 HEATING
  TODAY            0                        13    -13        7
  MONTH TO DATE  296                       419   -123      360
  SINCE MAR 1   1020                      1104    -84      891
  SINCE JUL 1   4600                      5146   -546     4756

 COOLING
  TODAY            2                         0      2        0
  MONTH TO DATE    2                         0      2        0
  SINCE MAR 1      2                         0      2        0
  SINCE JAN 1      2                         0      2        0
..................................................................


WIND (MPH)
  HIGHEST WIND SPEED    18   HIGHEST WIND DIRECTION    SE (150)
  HIGHEST GUST SPEED    26   HIGHEST GUST DIRECTION     S (190)



WEATHER CONDITIONS
 THE FOLLOWING WEATHER WAS RECORDED TODAY.
  NO SIGNIFICANT WEATHER WAS OBSERVED.


RELATIVE HUMIDITY (PERCENT)
 HIGHEST    35           200 AM
 LOWEST     10           200 PM
 AVERAGE    23

..........................................................


THE TONOPAH AIRPORT NV CLIMATE NORMALS FOR TOMORROW
                         NORMAL    RECORD    YEAR
 MAXIMUM TEMPERATURE (F)   68        84      1992
 MINIMUM TEMPERATURE (F)   38        18      1984


SUNRISE AND SUNSET
APRIL 26 2018.........SUNRISE   558 AM PDT   SUNSET   735 PM PDT
APRIL 27 2018.........SUNRISE   557 AM PDT   SUNSET   736 PM PDT


-  INDICATES NEGATIVE NUMBERS.
R  INDICATES RECORD WAS SET OR TIED.
MM INDICATES DATA IS MISSING.
T  INDICATES TRACE AMOUNT.




$$
