653
CDUS44 KJAN 260703
CLITVR


CLIMATE REPORT
NATIONAL WEATHER SERVICE JACKSON MS
202 AM CDT THU APR 26 2018


...................................

...THE VICKSBURG CLIMATE SUMMARY FOR APRIL 25 2018...

CLIMATE NORMAL PERIOD 1981 TO 2010
CLIMATE RECORD PERIOD 1948 TO 2018


WEATHER ITEM   OBSERVED TIME   RECORD YEAR NORMAL DEPARTURE LAST
                VALUE   (LST)  VALUE       VALUE  FROM      YEAR
                                                  NORMAL
..................................................................
TEMPERATURE (F)
 YESTERDAY
  MAXIMUM         80    317 PM  92    1999  78      2       83
  MINIMUM         53    548 AM  40    1983  56     -3       50
  AVERAGE         67                        67      0       67

PRECIPITATION (IN)
  YESTERDAY        0.35          1.77 1964   0.15   0.20     0.00
  MONTH TO DATE    5.71                      4.18   1.53     8.04
  SINCE MAR 1     11.65                      9.21   2.44    10.90
  SINCE JAN 1     25.06                     19.55   5.51    17.66

SNOWFALL (IN)
  YESTERDAY        0.0

DEGREE DAYS
 HEATING
  YESTERDAY        0                         2     -2        0
  MONTH TO DATE  118                        93     25       24
  SINCE MAR 1    314                       358    -44      198
  SINCE JUL 1   2200                      2334   -134     1474

 COOLING
  YESTERDAY        2                         4     -2        2
  MONTH TO DATE   28                        65    -37      112
  SINCE MAR 1     70                        88    -18      198
  SINCE JAN 1    127                        97     30      249
..................................................................


WIND (MPH)
  HIGHEST WIND SPEED    10   HIGHEST WIND DIRECTION    NW (320)
  HIGHEST GUST SPEED    19   HIGHEST GUST DIRECTION    NW (320)
  AVERAGE WIND SPEED     3.5


SKY COVER
  POSSIBLE SUNSHINE  MM
  AVERAGE SKY COVER 0.3


WEATHER CONDITIONS
 THE FOLLOWING WEATHER WAS RECORDED YESTERDAY.
  HEAVY RAIN
  RAIN
  LIGHT RAIN
  FOG
  FOG W/VISIBILITY <= 1/4 MILE


RELATIVE HUMIDITY (PERCENT)
 HIGHEST   100          1200 AM
 LOWEST     39          1200 PM
 AVERAGE    70

..........................................................


THE VICKSBURG CLIMATE NORMALS FOR TODAY
                         NORMAL    RECORD    YEAR
 MAXIMUM TEMPERATURE (F)   79        89      2014
 MINIMUM TEMPERATURE (F)   56        42      1992


SUNRISE AND SUNSET
APRIL 26 2018.........SUNRISE   623 AM CDT   SUNSET   742 PM CDT
APRIL 27 2018.........SUNRISE   622 AM CDT   SUNSET   742 PM CDT


-  INDICATES NEGATIVE NUMBERS.
R  INDICATES RECORD WAS SET OR TIED.
MM INDICATES DATA IS MISSING.
T  INDICATES TRACE AMOUNT.




$$
