000
CDUS45 KBOI 240935
CLITWF


CLIMATE REPORT
NATIONAL WEATHER SERVICE BOISE ID
334 AM MDT THU MAY 24 2018


...................................

...THE TWIN FALLS ID CLIMATE SUMMARY FOR MAY 23 2018...

CLIMATE NORMAL PERIOD 1981 TO 2010
CLIMATE RECORD PERIOD 9999 TO 9999


WEATHER ITEM   OBSERVED TIME   NORMAL DEPARTURE LAST
                VALUE   (LST)  VALUE  FROM      YEAR
                                      NORMAL
......................................................
TEMPERATURE (F)
 YESTERDAY
  MAXIMUM         74    529 PM  72      2       81
  MINIMUM         46    533 AM  45      1       44
  AVERAGE         60

PRECIPITATION (IN)
  YESTERDAY        0.00          0.05  -0.05     0.00
  MONTH TO DATE    0.88          1.03  -0.15     0.75
  SINCE OCT 1      6.43          8.25  -1.82    10.50
  SINCE JAN 1      3.87          5.00  -1.13     6.00

DEGREE DAYS
 HEATING
  YESTERDAY        5             8     -3        2
  MONTH TO DATE  174           235    -61      271
  SINCE MAR 1   1454          1466    -12     1472
  SINCE JUL 1   5986          6033    -47     6252

 COOLING
  YESTERDAY        0             1     -1        0
  MONTH TO DATE    4            11     -7        1
  SINCE MAR 1      4            12     -8        1
  SINCE JAN 1      4            12     -8        1
......................................................


WIND (MPH)
  HIGHEST WIND SPEED    25   HIGHEST WIND DIRECTION     S (170)
  HIGHEST GUST SPEED    31   HIGHEST GUST DIRECTION     S (170)
  AVERAGE WIND SPEED     8.9


SKY COVER
  AVERAGE SKY COVER 0.2


WEATHER CONDITIONS
 THE FOLLOWING WEATHER WAS RECORDED YESTERDAY.
  THUNDERSTORM


RELATIVE HUMIDITY (PERCENT)
 HIGHEST    93           700 AM
 LOWEST     41           600 PM
 AVERAGE    67

..........................................................




SUNRISE AND SUNSET
MAY 24 2018...........SUNRISE   608 AM MDT   SUNSET   902 PM MDT
MAY 25 2018...........SUNRISE   607 AM MDT   SUNSET   903 PM MDT


-  INDICATES NEGATIVE NUMBERS.
R  INDICATES RECORD WAS SET OR TIED.
MM INDICATES DATA IS MISSING.
T  INDICATES TRACE AMOUNT.




$$
