000
CDUS44 KCRP 240753
CLIVCT

CLIMATE REPORT
NATIONAL WEATHER SERVICE CORPUS CHRISTI TX
251 AM CDT TUE APR 24 2018

...................................

...THE VICTORIA CLIMATE SUMMARY FOR APRIL 23 2018...

CLIMATE NORMAL PERIOD 1981 TO 2010
CLIMATE RECORD PERIOD 1893 TO 2018

WEATHER ITEM   OBSERVED TIME   RECORD YEAR NORMAL DEPARTURE LAST
                VALUE   (LST)  VALUE       VALUE  FROM      YEAR
                                                  NORMAL
..................................................................
TEMPERATURE (F)
 YESTERDAY
  MAXIMUM         85    411 PM  93    1958  82      3       77
                                      1955
  MINIMUM         50    559 AM  46    1927  61    -11       54
  AVERAGE         68                        72     -4       66

PRECIPITATION (IN)
  YESTERDAY        0.00          1.65 1962   0.09  -0.09     0.00
  MONTH TO DATE    1.38                      2.06  -0.68     2.78
  SINCE MAR 1      3.33                      4.83  -1.50     7.76
  SINCE JAN 1      5.51                      9.43  -3.92    16.36

SNOWFALL (IN)
  YESTERDAY        0.0
  MONTH TO DATE    0.0
  SINCE MAR 1      0.0
  SINCE JUL 1      2.0
  SNOW DEPTH       0

DEGREE DAYS
 HEATING
  YESTERDAY        0                         0      0        0
  MONTH TO DATE   31                        29      2        2
  SINCE MAR 1     86                       154    -68       36
  SINCE JUL 1   1133                      1247   -114      567

 COOLING
  YESTERDAY        3                         7     -4        1
  MONTH TO DATE   95                       122    -27      180
  SINCE MAR 1    245                       196     49      360
  SINCE JAN 1    335                       234    101      567
..................................................................

WIND (MPH)
  HIGHEST WIND SPEED    13   HIGHEST WIND DIRECTION     S (200)
  HIGHEST GUST SPEED    19   HIGHEST GUST DIRECTION     N (10)
  AVERAGE WIND SPEED     4.8

SKY COVER
  POSSIBLE SUNSHINE  MM
  AVERAGE SKY COVER 0.0

WEATHER CONDITIONS
 THE FOLLOWING WEATHER WAS RECORDED YESTERDAY.
  NO SIGNIFICANT WEATHER WAS OBSERVED.

RELATIVE HUMIDITY (PERCENT)
 HIGHEST    93           400 AM
 LOWEST     30           100 PM
 AVERAGE    62

..........................................................

THE VICTORIA CLIMATE NORMALS FOR TODAY
                         NORMAL    RECORD    YEAR
 MAXIMUM TEMPERATURE (F)   82        92      1955
 MINIMUM TEMPERATURE (F)   62        44      1995

SUNRISE AND SUNSET
APRIL 24 2018.........SUNRISE   653 AM CDT   SUNSET   759 PM CDT
APRIL 25 2018.........SUNRISE   652 AM CDT   SUNSET   800 PM CDT

-  INDICATES NEGATIVE NUMBERS.
R  INDICATES RECORD WAS SET OR TIED.
MM INDICATES DATA IS MISSING.
T  INDICATES TRACE AMOUNT.

$$
