000
CDUS42 KTAE 270631
CLIVLD


CLIMATE REPORT
NATIONAL WEATHER SERVICE TALLAHASSEE FL
231 AM EDT SUN MAY 27 2018


...................................

...THE VALDOSTA CLIMATE SUMMARY FOR MAY 26 2018...

CLIMATE NORMAL PERIOD 1981 TO 2010
CLIMATE RECORD PERIOD 1948 TO 2018


WEATHER ITEM   OBSERVED TIME   NORMAL DEPARTURE LAST
                VALUE   (LST)  VALUE  FROM      YEAR
                                      NORMAL
......................................................
TEMPERATURE (F)
 YESTERDAY
  MAXIMUM         87    244 PM  88     -1       86
  MINIMUM         68    349 AM  64      4       51
  AVERAGE         78            76      2       69

PRECIPITATION (IN)
  YESTERDAY        0.10          0.10   0.00     0.00
  MONTH TO DATE    5.04          1.80   3.24     1.83
  SINCE MAR 1     12.10          9.54   2.56     4.97
  SINCE JAN 1     17.97         18.27  -0.30    15.28

SNOWFALL (IN)
  YESTERDAY        0.0
  MONTH TO DATE    0.0
  SINCE MAR 1      0.0
  SINCE JUL 1      0.6

DEGREE DAYS
 COOLING
  YESTERDAY       13            11      2        4
  MONTH TO DATE  246           219     27      206
  SINCE MAR 1    330           344    -14      423
  SINCE JAN 1    413           354     59      469
......................................................


WIND (MPH)
  HIGHEST WIND SPEED    14   HIGHEST WIND DIRECTION    SE (130)
  HIGHEST GUST SPEED    21   HIGHEST GUST DIRECTION     S (180)
  AVERAGE WIND SPEED     3.5




RELATIVE HUMIDITY (PERCENT)
 HIGHEST   100
 LOWEST     57
 AVERAGE    79

..........................................................




SUNRISE AND SUNSET
MAY 27 2018...........SUNRISE   632 AM EDT   SUNSET   829 PM EDT
MAY 28 2018...........SUNRISE   632 AM EDT   SUNSET   829 PM EDT


-  INDICATES NEGATIVE NUMBERS.
R  INDICATES RECORD WAS SET OR TIED.
MM INDICATES DATA IS MISSING.
T  INDICATES TRACE AMOUNT.




$$
