000
CDUS43 KLOT 200636
CLIVPZ


CLIMATE REPORT
NATIONAL WEATHER SERVICE CHICAGO IL
135 AM CDT SUN MAY 20 2018


...................................

...THE VALPARAISO CLIMATE SUMMARY FOR MAY 19 2018...

CLIMATE NORMAL PERIOD 1981 TO 2010
CLIMATE RECORD PERIOD 1998 TO 2018


WEATHER ITEM   OBSERVED TIME   RECORD YEAR NORMAL DEPARTURE LAST
                VALUE   (LST)  VALUE       VALUE  FROM      YEAR
                                                  NORMAL
..................................................................
TEMPERATURE (F)
 YESTERDAY
  MAXIMUM         74    129 PM  90    2012  71      3       57
                                      1998
  MINIMUM         59    220 AM  36    2002  49     10       46
  AVERAGE         67                        60      7       52

PRECIPITATION (IN)
  YESTERDAY        0.14          0.73 2005   0.13   0.01     0.20
  MONTH TO DATE    3.10                      2.39   0.71     2.15
  SINCE MAR 1      5.40                      8.40  -3.00    10.60
  SINCE JAN 1     11.42                     11.57  -0.15    14.04

DEGREE DAYS
 HEATING
  YESTERDAY        0                         6     -6       13
  MONTH TO DATE   33                       162   -129      186
  SINCE MAR 1   1541                      1489     52     1291
  SINCE JUL 1   5843                      6221   -378     5005

 COOLING
  YESTERDAY        2                         2      0        0
  MONTH TO DATE   48                        16     32       33
  SINCE MAR 1     48                        21     27       46
  SINCE JAN 1     48                        21     27       46
..................................................................


WIND (MPH)
  RESULTANT WIND SPEED   3   RESULTANT WIND DIRECTION  NW (330)
  HIGHEST WIND SPEED    15   HIGHEST WIND DIRECTION     W (250)
  HIGHEST GUST SPEED    18   HIGHEST GUST DIRECTION     W (260)
  AVERAGE WIND SPEED     5.0



WEATHER CONDITIONS
 THE FOLLOWING WEATHER WAS RECORDED YESTERDAY.
  RAIN
  LIGHT RAIN
  FOG
  HAZE


..........................................................


THE VALPARAISO CLIMATE NORMALS FOR TODAY
                         NORMAL    RECORD    YEAR
 MAXIMUM TEMPERATURE (F)   72        92      2012
 MINIMUM TEMPERATURE (F)   49        33      2002


SUNRISE AND SUNSET
MAY 20 2018...........SUNRISE   524 AM CDT   SUNSET   805 PM CDT
MAY 21 2018...........SUNRISE   524 AM CDT   SUNSET   806 PM CDT


-  INDICATES NEGATIVE NUMBERS.
R  INDICATES RECORD WAS SET OR TIED.
MM INDICATES DATA IS MISSING.
T  INDICATES TRACE AMOUNT.




$$
