074
CDUS42 KMLB 252024
CLIVRB


CLIMATE REPORT
NATIONAL WEATHER SERVICE MELBOURNE FL
424 PM EDT FRI MAY 25 2018


...................................

...THE VERO BEACH CLIMATE SUMMARY FOR MAY 25 2018...
VALID TODAY AS OF 0400 PM LOCAL TIME.

CLIMATE NORMAL PERIOD 1981 TO 2010
CLIMATE RECORD PERIOD 1942 TO 2018


WEATHER ITEM   OBSERVED TIME   RECORD YEAR NORMAL DEPARTURE LAST
                VALUE   (LST)  VALUE       VALUE  FROM      YEAR
                                                  NORMAL
..................................................................
TEMPERATURE (F)
 TODAY
  MAXIMUM         85   1120 AM  95    1949  86     -1       84
  MINIMUM         75    525 AM  57    1967  70      5       71
  AVERAGE         80                        78      2       78

PRECIPITATION (IN)
  TODAY            0.01          2.30 1973   0.14  -0.13     1.06
  MONTH TO DATE    6.97                      2.44   4.53     4.57
  SINCE MAR 1     11.84                      9.28   2.56     9.08
  SINCE JAN 1     15.05                     14.45   0.60    11.04

SNOWFALL (IN)
  TODAY            0.0
  MONTH TO DATE    0.0
  SINCE JUL 1      0.0

DEGREE DAYS
 HEATING
  TODAY            0                         0      0        0
  MONTH TO DATE    0                         0      0        0
  SINCE MAR 1     98                        70     28       42
  SINCE JUL 1    365                       455    -90      185

 COOLING
  TODAY           15                        13      2       13
  MONTH TO DATE  280                       267     13      321
  SINCE MAR 1    617                       586     31      778
  SINCE JAN 1    906                       725    181      979
..................................................................


WIND (MPH)
  HIGHEST WIND SPEED    21   HIGHEST WIND DIRECTION    SE (130)
  HIGHEST GUST SPEED    29   HIGHEST GUST DIRECTION    SE (150)
  AVERAGE WIND SPEED     8.2


SKY COVER
  AVERAGE SKY COVER 0.3


WEATHER CONDITIONS
 THE FOLLOWING WEATHER WAS RECORDED TODAY.
  THUNDERSTORM
  LIGHT RAIN
  HAZE


RELATIVE HUMIDITY (PERCENT)
 HIGHEST    94          1200 AM
 LOWEST     74          1100 AM
 AVERAGE    84

..........................................................


THE VERO BEACH CLIMATE NORMALS FOR TOMORROW
                         NORMAL    RECORD    YEAR
 MAXIMUM TEMPERATURE (F)   86        97      1975
 MINIMUM TEMPERATURE (F)   70        55      1979


SUNRISE AND SUNSET
MAY 25 2018...........SUNRISE   628 AM EDT   SUNSET   809 PM EDT
MAY 26 2018...........SUNRISE   628 AM EDT   SUNSET   810 PM EDT


-  INDICATES NEGATIVE NUMBERS.
R  INDICATES RECORD WAS SET OR TIED.
MM INDICATES DATA IS MISSING.
T  INDICATES TRACE AMOUNT.




$$
