819
CDAK47 PAJK 231129
CLIYAK
CLIMATE REPORT
NATIONAL WEATHER SERVICE JUNEAU, AK
327 AM AKDT WED MAY 23 2018


...................................

...THE YAKUTAT CLIMATE SUMMARY FOR MAY 22 2018...

CLIMATE NORMAL PERIOD 1981 TO 2010
CLIMATE RECORD PERIOD 1917 TO 2018


WEATHER ITEM   OBSERVED RECORD YEAR NORMAL DEPARTURE LAST
                VALUE   VALUE       VALUE  FROM      YEAR
                                           NORMAL
...........................................................
TEMPERATURE (F)
 YESTERDAY
  MAXIMUM         52     70    1960  53     -1       53
  MINIMUM         45     28    1992  39      6       44
                               1955
  AVERAGE         49                 46      3       49

PRECIPITATION (IN)
  YESTERDAY        0.49   2.22 1947   0.27   0.22     0.07
  MONTH TO DATE   13.49               5.90   7.59     7.80
  SINCE JAN 1     40.22              50.65 -10.43    39.69

DEGREE DAYS
 HEATING
  YESTERDAY       16                 19     -3       16
  MONTH TO DATE  411                468    -57      450
...........................................................


WIND (MPH)
  HIGHEST WIND SPEED    17   HIGHEST WIND DIRECTION    SE (140)
  HIGHEST GUST SPEED    26   HIGHEST GUST DIRECTION    SE (130)
  AVERAGE WIND SPEED     8.8


SKY COVER
  AVERAGE SKY COVER 1.0


WEATHER CONDITIONS
 THE FOLLOWING WEATHER WAS RECORDED YESTERDAY.
  RAIN
  LIGHT RAIN
  FOG


..........................................................


THE YAKUTAT CLIMATE NORMALS FOR TODAY
                         NORMAL    RECORD    YEAR
 MAXIMUM TEMPERATURE (F)   54        74      1969
 MINIMUM TEMPERATURE (F)   39        27      1955


SUNRISE AND SUNSET
MAY 23 2018...........SUNRISE   427 AM AKDT  SUNSET  1005 PM AKDT
MAY 24 2018...........SUNRISE   425 AM AKDT  SUNSET  1007 PM AKDT


-  INDICATES NEGATIVE NUMBERS.
R  INDICATES RECORD WAS SET OR TIED.
MM INDICATES DATA IS MISSING.
T  INDICATES TRACE AMOUNT.




$$
--------------------------------------------------------------

AMOUNT OF DAYLIGHT TODAY (HOUR:MIN)......... 17 HOURS 38 MINUTES
GAIN/LOSS SINCE YESTERDAY (HOUR:MIN:SEC).... +0:04:00

$$
