000
CXUS53 KABR 011552
CLMABR
CLIMATE REPORT
NATIONAL WEATHER SERVICE ABERDEEN SD
952 AM CST FRI MAR 01 2024
...................................
...THE ABERDEEN SD CLIMATE SUMMARY FOR THE MONTH OF FEBRUARY 2024...
CLIMATE NORMAL PERIOD 1991 TO 2020
CLIMATE RECORD PERIOD 1893 TO 2024
WEATHER OBSERVED NORMAL DEPART LAST YEAR`S
VALUE DATE(S) VALUE FROM VALUE DATE(S)
NORMAL
................................................................
TEMPERATURE (F)
RECORD
HIGH 70 02/25/1958
LOW -45 02/09/1994
HIGHEST 68 02/26 29 39 41 02/04
LOWEST -2 02/28 MM MM -23 02/24
AVG. MAXIMUM 42.7 28.6 14.1 26.8
AVG. MINIMUM 20.7 6.3 14.4 3.2
MEAN 31.7 17.5 14.2 15.0
DAYS MAX >= 90 0 0.0 0.0 0
DAYS MAX <= 32 4 17.7 -13.7 14
DAYS MIN <= 32 23 27.5 -4.5 28
DAYS MIN <= 0 1 10.3 -9.3 13
PRECIPITATION (INCHES)
RECORD
MAXIMUM 3.80 1915
MINIMUM T 1932
TOTALS 0.18 0.62 -0.44 0.79
DAYS >= .01 2 7.0 -5.0 7
DAYS >= .10 1 2.1 -1.1 4
DAYS >= .50 0 0.1 -0.1 0
DAYS >= 1.00 0 0.0 0.0 0
SNOWFALL (INCHES)
RECORDS
TOTAL 38.5 1915
SNOW DEPTH 25 02/26/2001
02/28/1969
TOTALS 1.5 8.6 -7.1 11.5
SINCE 7/1 10.0 32.2 -22.2 MM
SNOWDEPTH AVG. 0 7
DAYS >= TRACE 6 6.9 -0.9 8
DAYS >= 1.0 1 2.6 -1.6 4
GREATEST
SNOW DEPTH 1 02/15 12 02/25
02/16
02/17
02/26
02/27
DEGREE DAYS
HEATING TOTAL 957 1331 -374 1392
SINCE 7/1 5103 6302 -1199 MM
COOLING TOTAL 0 0 0 0
SINCE 1/1 0 0 0 MM
FREEZE DATES
RECORD
EARLIEST MM
LATEST MM
EARLIEST 10/06
LATEST 05/03
................................................................
WIND (MPH)
AVERAGE WIND SPEED 9.1
RESULTANT WIND SPEED/DIRECTION 2/300
HIGHEST WIND SPEED/DIRECTION 39/360 DATE 02/27
HIGHEST GUST SPEED/DIRECTION 54/350 DATE 02/27
SKY COVER
POSSIBLE SUNSHINE (PERCENT) MM
AVERAGE SKY COVER 0.44
NUMBER OF DAYS FAIR 13
NUMBER OF DAYS PC 8
NUMBER OF DAYS CLOUDY 8
AVERAGE RH (PERCENT) 75
WEATHER CONDITIONS. NUMBER OF DAYS WITH
THUNDERSTORM 0 MIXED PRECIP 0
HEAVY RAIN 0 RAIN 1
LIGHT RAIN 2 FREEZING RAIN 0
LT FREEZING RAIN 0 HAIL 0
HEAVY SNOW 1 SNOW 1
LIGHT SNOW 5 SLEET 0
FOG 13 FOG W/VIS <= 1/4 MILE 5
HAZE 4
- INDICATES NEGATIVE NUMBERS.
R INDICATES RECORD WAS SET OR TIED.
MM INDICATES DATA IS MISSING.
T INDICATES TRACE AMOUNT.
$$