000
CXUS51 KOKX 011549
CLMBDR

CLIMATE REPORT
NATIONAL WEATHER SERVICE NEW YORK NY
1103 AM EDT SUN APR 1 2018

...................................

...THE BRIDGEPORT CT CLIMATE SUMMARY FOR THE MONTH OF MARCH 2018...

CLIMATE NORMAL PERIOD 1981 TO 2010
CLIMATE RECORD PERIOD 1948 TO 2018

WEATHER         OBSERVED          NORMAL  DEPART  LAST YEAR`S
                 VALUE   DATE(S)  VALUE   FROM    VALUE  DATE(S)
                                          NORMAL
................................................................
TEMPERATURE (F)
RECORD
 HIGH              84   03/13/1990
 LOW                4   03/19/1967
HIGHEST            61   03/30        MM      MM       61  03/09
                                                          03/02
LOWEST             24   03/18        MM      MM       13  03/05
AVG. MAXIMUM     45.8              47.2    -1.4     45.0
AVG. MINIMUM     32.8              31.4     1.4     29.8
MEAN             39.3              39.3     0.0     37.4
DAYS MAX >= 90      0               0.0     0.0        0
DAYS MAX <= 32      0               0.8    -0.8        4
DAYS MIN <= 32     15              15.4    -0.4       16
DAYS MIN <= 0       0               0.0     0.0        0

PRECIPITATION (INCHES)
RECORD
 MAXIMUM        10.19   2010
 MINIMUM         0.69   1981
TOTALS           3.98              4.05   -0.07     4.34
DAILY AVG.       0.13              0.13    0.00     0.14
DAYS >= .01         9              11.3    -2.3       10
DAYS >= .10         5               7.3    -2.3        6
DAYS >= .50         3               2.6     0.4        3
DAYS >= 1.00        2               0.9     1.1        2
GREATEST
 24 HR. TOTAL    1.46   03/02 TO 03/02           03/14 TO 03/14
                                                          03/14 TO 03/14
                                                          03/14 TO 03/14
 STORM TOTAL       MM                                 MM
 (MM/DD(HH))            MM                    03/14(00) TO 03/14(00)
                                                 03/14(00) TO 03/14(00)4
                                                 03/14(00) TO 03/14(00)4

SNOWFALL (INCHES)
TOTALS           14.5               5.1     9.4     11.1
 LIQUID EQUIV    1.45              0.50    0.95     1.11
SINCE 7/1        39.9              26.7    13.2     40.9
 LIQUID 7/1      3.99              2.70    1.29     4.09
SNOWDEPTH AVG.      1                MM      MM        2
DAYS >= TRACE      10               2.4     7.6        6
DAYS >= 1.0         3               1.6     1.4        2
GREATEST
 SNOW DEPTH         5   03/08                          7  03/16
                                                          03/15
 24 HR TOTAL      6.0   03/07 TO 03/07           03/14 TO 03/14
                                                          03/14 TO 03/14
                                                          03/14 TO 03/14
 STORM TOTAL       MM                                 MM
 (MM/DD(HH))            MM                    03/14(00) TO 03/14(00)
                                                 03/14(00) TO 03/14(00)4
                                                 03/14(00) TO 03/14(00)4

DEGREE_DAYS
HEATING TOTAL     787               797     -10      848
 SINCE 7/1       4386              4684    -298     4015
COOLING TOTAL       0                 0       0        0
 SINCE 1/1          0                 0       0        0
.................................................................

WIND (MPH)
AVERAGE WIND SPEED              11.8
HIGHEST WIND SPEED/DIRECTION    40/360    DATE  03/02
HIGHEST GUST SPEED/DIRECTION    62/350    DATE  03/02


WEATHER CONDITIONS. NUMBER OF DAYS WITH
THUNDERSTORM              1     MIXED PRECIP               0
HEAVY RAIN                1     RAIN                       2
LIGHT RAIN                6     FREEZING RAIN              0
LT FREEZING RAIN          0     HAIL                       0
HEAVY SNOW                1     SNOW                       3
LIGHT SNOW               10     SLEET                      0
FOG                      10     FOG W/VIS <= 1/4 MILE      3
HAZE                      3

-  INDICATES NEGATIVE NUMBERS.
R  INDICATES RECORD WAS SET OR TIED.
MM INDICATES DATA IS MISSING.
T  INDICATES TRACE AMOUNT.

$$
