000
CXUS56 KBOI 022212
CLMBNO


CLIMATE REPORT
NATIONAL WEATHER SERVICE BOISE ID
411 PM MDT WED MAY 2 2018

...................................

...THE BURNS OR CLIMATE SUMMARY FOR THE MONTH OF APRIL 2018...

CLIMATE NORMAL PERIOD 1981 TO 2010
CLIMATE RECORD PERIOD 1938 TO 2018

WEATHER         OBSERVED          NORMAL  DEPART
                 VALUE   DATE(S)  VALUE   FROM
                                          NORMAL
................................................
TEMPERATURE (F)
HIGHEST            77   04/26        MM      MM
LOWEST             11   04/03        MM      MM
AVG. MAXIMUM     58.5              57.1     1.4
AVG. MINIMUM     28.5              29.2    -0.7
MEAN             43.5              43.2     0.3
DAYS MAX >= 90      0
DAYS MAX <= 32      0
DAYS MIN <= 32     19
DAYS MIN <= 0       0

PRECIPITATION (INCHES)
RECORD
 MAXIMUM         2.21   1993
TOTALS           0.59              0.93   -0.34
DAYS >= .01        11
DAYS >= .10         2
DAYS >= .50         0
DAYS >= 1.00        0
GREATEST
 24 HR. TOTAL    0.13   04/05 TO 04/05

DEGREE_DAYS
HEATING TOTAL     636               655     -19
 SINCE 7/1       6787              7040    -253
COOLING TOTAL       0                 0       0
 SINCE 1/1          0                 0       0
.................................................

WIND (MPH)
AVERAGE WIND SPEED              9.3
RESULTANT WIND SPEED/DIRECTION   4/252
HIGHEST WIND SPEED/DIRECTION    39/230    DATE  04/07
HIGHEST GUST SPEED/DIRECTION    49/150    DATE  04/15

AVERAGE RH (PERCENT)     59


-  INDICATES NEGATIVE NUMBERS.
R  INDICATES RECORD WAS SET OR TIED.
MM INDICATES DATA IS MISSING.
T  INDICATES TRACE AMOUNT.

$$
