000
CXUS51 KCLE 061457
CLMCLE


CLIMATE REPORT
NATIONAL WEATHER SERVICE CLEVELAND OH
1047 AM EDT SUN MAY 6 2018

...................................

...THE CLEVELAND OH CLIMATE SUMMARY FOR THE MONTH OF APRIL 2018...

CLIMATE NORMAL PERIOD 1981 TO 2010
CLIMATE RECORD PERIOD 1871 TO 2018

WEATHER         OBSERVED          NORMAL  DEPART  LAST YEAR`S
                 VALUE   DATE(S)  VALUE   FROM    VALUE
                                          NORMAL
.............................................................
TEMPERATURE (F)
RECORD
 HIGH              88   04/28/1986
                        04/30/1942
                        04/24/1925
 LOW               10   04/01/1964
HIGHEST            81   04/13
LOWEST             24   04/10
AVG. MAXIMUM     53.3              59.1    -5.8     68.2
AVG. MINIMUM     34.1              40.4    -6.3     46.6
MEAN             43.7              49.8    -6.1     57.4
DAYS MAX >= 90      0               0.0     0.0        0
DAYS MAX <= 32      0               0.2    -0.2        0
DAYS MIN <= 32     14               5.6     8.4        2
DAYS MIN <= 0       0               0.0     0.0        0

PRECIPITATION (INCHES)
RECORD
 MAXIMUM         6.89   2011
 MINIMUM         0.65   1915
TOTALS           4.38              3.49    0.89     4.49
DAYS >= .01        18              14.4     3.6       12
DAYS >= .10         5               8.1    -3.1        9
DAYS >= .50         2               2.3    -0.3        2
DAYS >= 1.00        2               0.6     1.4        1
GREATEST
 24 HR. TOTAL    1.97   04/15 TO 04/15              2.04

SNOWFALL (INCHES)
RECORDS
 TOTAL           19.0   2005
TOTALS            3.3               3.3     0.0      2.8
SINCE 7/1        53.1              68.1   -15.0     37.3
DAYS >= 1.0         2               1.0     1.0        1
GREATEST
 24 HR TOTAL      1.7   04/05 TO 04/05

DEGREE_DAYS
HEATING TOTAL     631               468     163      253
 SINCE 7/1       5562              5511      51     4355
COOLING TOTAL       0                10     -10       31
 SINCE 1/1          3                11      -8       31
..............................................................

WIND (MPH)
AVERAGE WIND SPEED              9.9
HIGHEST WIND SPEED/DIRECTION    40/260    DATE  04/04
HIGHEST GUST SPEED/DIRECTION    53/230    DATE  04/04

SKY COVER
AVERAGE SKY COVER           0.70

AVERAGE RH (PERCENT)     66


-  INDICATES NEGATIVE NUMBERS.
R  INDICATES RECORD WAS SET OR TIED.
MM INDICATES DATA IS MISSING.
T  INDICATES TRACE AMOUNT.

$$
