000
CXUS55 KPUB 020140 CCA
CLMCOS

CLIMATE REPORT...CORRECTION
NATIONAL WEATHER SERVICE PUEBLO
733 PM MDT TUE MAY 1 2018

...................................

...THE COLORADO SPRINGS CO CLIMATE SUMMARY FOR THE MONTH OF APRIL 2018...

CLIMATE NORMAL PERIOD 1981 TO 2010
CLIMATE RECORD PERIOD 1872 TO 2018

WEATHER         OBSERVED          NORMAL  DEPART  LAST YEAR`S
                 VALUE   DATE(S)  VALUE   FROM    VALUE  DATE(S)
                                          NORMAL
................................................................
TEMPERATURE (F)
RECORD
 HIGH              87   04/30/1992
 LOW               -3   04/10/1959
HIGHEST            79   04/29        63      16       80  04/14
LOWEST             19   04/07        28      -9       22  04/05
AVG. MAXIMUM     61.4              59.8     1.6     61.1
AVG. MINIMUM     31.9              33.3    -1.4     36.5
MEAN             46.6              46.5     0.1     48.8
DAYS MAX >= 90      0               0.0     0.0
DAYS MAX <= 32      0               0.5    -0.5
DAYS MIN <= 32     19              12.7     6.3
DAYS MIN <= 0       0               0.0     0.0

PRECIPITATION (INCHES)
RECORD
 MAXIMUM         7.50   1999
 MINIMUM         0.01   1964
TOTALS           1.08              1.42   -0.34     2.14
DAILY AVG.       0.04              0.05   -0.01
DAYS >= .01         8               8.3    -0.3
DAYS >= .10         1               3.5    -2.5
DAYS >= .50         1               0.6     0.4
DAYS >= 1.00        0               0.1    -0.1
GREATEST
 24 HR. TOTAL    0.80   04/20 TO 04/21              0.85

SNOWFALL (INCHES)
RECORDS
 TOTAL           42.7   1957
TOTALS            5.3               4.9     0.4      9.7
SINCE 7/1        21.6              37.0   -15.4     25.1
SNOWDEPTH AVG.      0
DAYS >= 1.0         1               1.4    -0.4
GREATEST
 SNOW DEPTH         4   04/20                          5
                        04/21
 24 HR TOTAL      4.2   04/20 TO 04/21               5.5

DEGREE_DAYS
HEATING TOTAL     543               554     -11      481
 SINCE 7/1       5210              5922    -712     4794
COOLING TOTAL       0                 1      -1        0
 SINCE 1/1          0                 1      -1        0
.................................................................

WIND (MPH)
AVERAGE WIND SPEED              12.1
HIGHEST WIND SPEED/DIRECTION    52/220    DATE  04/17
HIGHEST GUST SPEED/DIRECTION    68/220    DATE  04/17

SKY COVER
POSSIBLE SUNSHINE (PERCENT)   MM
AVERAGE SKY COVER           0.60
NUMBER OF DAYS FAIR            5
NUMBER OF DAYS PC             18
NUMBER OF DAYS CLOUDY          7

AVERAGE RH (PERCENT)     50

WEATHER CONDITIONS. NUMBER OF DAYS WITH
THUNDERSTORM              2     MIXED PRECIP               1
HEAVY RAIN                0     RAIN                       1
LIGHT RAIN                9     FREEZING RAIN              0
LT FREEZING RAIN          2     HAIL                       0
HEAVY SNOW                0     SNOW                       2
LIGHT SNOW                7     SLEET                      1
FOG                      12     FOG W/VIS <= 1/4 MILE      6
HAZE                      4

-  INDICATES NEGATIVE NUMBERS.
R  INDICATES RECORD WAS SET OR TIED.
MM INDICATES DATA IS MISSING.
T  INDICATES TRACE AMOUNT.

$$
