000
CXUS54 KAMA 011641
CLMDHT
CLIMATE REPORT
NATIONAL WEATHER SERVICE AMARILLO
1041 AM CST FRI MAR 01 2024
...................................
...THE DALHART CLIMATE SUMMARY FOR THE MONTH OF FEBRUARY 2024...
CLIMATE NORMAL PERIOD: 1991 TO 2020
CLIMATE RECORD PERIOD: 1948 TO 2024
WEATHER OBSERVED NORMAL DEPART LAST YEAR`S
VALUE DATE(S) VALUE FROM VALUE DATE(S)
NORMAL
................................................................
TEMPERATURE (F)
RECORD
HIGH 89 02/10/2017
LOW -19 02/01/1951
HIGHEST 79 02/25 80 02/26
02/26
LOWEST 15 02/28 2 02/17
AVG. MAXIMUM 59.0 54.9 4.1 58.2
AVG. MINIMUM 26.3 24.1 2.2 21.8
MEAN 42.7 39.5 3.2 40.0
DAYS MAX >= 90 0 0.0 0.0 0
DAYS MAX <= 32 0 1.8 -1.8 1
DAYS MIN <= 32 22 24.2 -2.2 25
DAYS MIN <= 0 0 0.2 -0.2 0
PRECIPITATION (INCHES)
TOTALS 0.15 0.35 -0.20 0.36
DAILY AVG. 0.01 NAN NAN 0.01
DAYS >= .01 3 2.8 0.2 1
DAYS >= .10 0 1.1 -1.1 1
DAYS >= .50 0 0.1 -0.1 0
DAYS >= 1.00 0 0.0 0.0 0
GREATEST
24 HR. TOTAL 0.12 02/10 TO 02/11
SNOWFALL (INCHES)
TOTALS MM 3.4 MM MM
SINCE 7/1 MM 15.8 MM MM
DAYS >= TRACE 0 2.0 -2.0
DAYS >= 1.0 0 1.1 -1.1 MM
GREATEST
SNOW DEPTH MM
24 HR TOTAL MM
DEGREE DAYS
HEATING TOTAL 618 714 -96 690
SINCE 7/1 3162 3446 -284 MM
COOLING TOTAL 0 0 0 0
SINCE 1/1 0 0 0 MM
................................................................
WIND (MPH)
AVERAGE WIND SPEED 11.8
HIGHEST WIND SPEED/DIRECTION 45/250 DATE 02/27
HIGHEST GUST SPEED/DIRECTION 68/250 DATE 02/27
SKY COVER
POSSIBLE SUNSHINE (PERCENT) MM
NUMBER OF DAYS FAIR 19
NUMBER OF DAYS PC 6
NUMBER OF DAYS CLOUDY 3
AVERAGE RH (PERCENT) 56
WEATHER CONDITIONS. NUMBER OF DAYS WITH
THUNDERSTORM 1 MIXED PRECIP 0
HEAVY RAIN 0 RAIN 0
LIGHT RAIN 3 FREEZING RAIN 0
LT FREEZING RAIN 0 HEAVY SNOW 0
SNOW 0 LIGHT SNOW 4
SLEET 0 FOG 5
FOG W/VIS <= 1/4 MILE 2 HAZE 4
- INDICATES NEGATIVE NUMBERS.
R INDICATES RECORD WAS SET OR TIED.
MM INDICATES DATA IS MISSING.
T INDICATES TRACE AMOUNT.
$$