000
CXUS53 KGID 011427
CLMEAR

CLIMATE REPORT
NATIONAL WEATHER SERVICE HASTINGS NE
927 AM CDT TUE MAY 1 2018

...................................

...THE KEARNEY CLIMATE SUMMARY FOR THE MONTH OF APRIL 2018...

CLIMATE NORMAL PERIOD 1981 TO 2010
CLIMATE RECORD PERIOD 1894 TO 2018

WEATHER         OBSERVED          NORMAL  DEPART  LAST YEAR`S
                 VALUE   DATE(S)  VALUE   FROM    VALUE  DATE(S)
                                          NORMAL
................................................................
TEMPERATURE (F)
HIGHEST            84   04/30        85      -1       81  04/14
LOWEST              8R  04/07        20     -12       27  04/27
                                                          04/11
AVG. MAXIMUM     56.1              62.1    -6.0     63.1
AVG. MINIMUM     29.8              35.3    -5.5     40.1
MEAN             42.9              48.7    -5.8     51.6
DAYS MAX >= 90      0               0.3    -0.3        0
DAYS MAX <= 32      1               0.3     0.7        0
DAYS MIN <= 32     17              11.1     5.9        4
DAYS MIN <= 0       0               0.0     0.0        0

PRECIPITATION (INCHES)
TOTALS           1.17              2.23   -1.06     2.25
DAILY AVG.       0.04              0.07   -0.03
DAYS >= .01         6               7.7    -1.7
DAYS >= .10         3               4.4    -1.4
DAYS >= .50         0               1.4    -1.4
DAYS >= 1.00        0               0.6    -0.6
GREATEST
 24 HR. TOTAL    0.45   04/24 TO 04/24

DEGREE_DAYS
HEATING TOTAL     665               496     169      404
COOLING TOTAL       8                 7       1        8
.................................................................

WIND (MPH)
AVERAGE WIND SPEED              14.1
HIGHEST WIND SPEED/DIRECTION    43/360
HIGHEST GUST SPEED/DIRECTION    60/360

AVERAGE RH (PERCENT)     65


-  INDICATES NEGATIVE NUMBERS.
R  INDICATES RECORD WAS SET OR TIED.
MM INDICATES DATA IS MISSING.
T  INDICATES TRACE AMOUNT.

&&

THE PRECIPITATION DATA SHOWN ABOVE IS RECORDED BY THE AUTOMATED
WEATHER OBSERVING SYSTEM AT THE KEARNEY AIRPORT. THE PRECIPITATION
IS DEPICTED FOR A CALENDAR DAY FROM MIDNIGHT TO MIDNIGHT. SNOWFALL
IS NOT RECORDED BY THAT SYSTEM.

THE OFFICIAL PRECIPITATION...SNOWFALL...AND SNOW DEPTH OBSERVATION
FOR KEARNEY IS RECORDED DAILY BY THE COOPERATIVE OBSERVER AT 7 AM.
THAT INFORMATION FOLLOWS...

...KEARNEY 4NE COOPERATIVE OBSERVER REPORT FOR APRIL 2018...

PRECIPITATION (IN)
     MONTHLY...............................  2.03
     YEAR TO DATE..........................  4.77

SNOWFALL (IN)
     MONTHLY...............................  9.7
     SEASONAL TOTAL (SINCE JULY 1ST)....... 31.1

$$
REED
