000
CXUS55 KGGW 020353
CLMGGW

CLIMATE REPORT
NATIONAL WEATHER SERVICE GLASGOW MT
853 PM MDT TUE MAY 1 2018

...................................

...THE GLASGOW CLIMATE SUMMARY FOR THE MONTH OF APRIL 2018...

CLIMATE NORMAL PERIOD 1981 TO 2010
CLIMATE RECORD PERIOD 1893 TO 2018

WEATHER         OBSERVED          NORMAL  DEPART  LAST YEAR`S
                 VALUE   DATE(S)  VALUE   FROM    VALUE  DATE(S)
                                          NORMAL
................................................................
TEMPERATURE (F)
RECORD
 HIGH              93   04/26/1952
 LOW              -19   04/01/1899
HIGHEST            82   04/28                         76  04/13
LOWEST              0   04/01                         18  04/17
AVG. MAXIMUM     51.5              57.8    -6.3     57.8
AVG. MINIMUM     27.5              32.1    -4.6     32.9
MEAN             39.5              44.9    -5.4     45.4
DAYS MAX >= 90      0                                  0
DAYS MAX <= 32      6                                  0
DAYS MIN <= 32     18                                 15
DAYS MIN <= 0       1                                  0

PRECIPITATION (INCHES)
RECORD
 MAXIMUM         5.03   1940
 MINIMUM            T   1949
TOTALS           0.42              0.85   -0.43     0.52
DAILY AVG.       0.01              0.03   -0.02     0.02
DAYS >= .01         7                                  7
DAYS >= .10         2                                  2
DAYS >= .50         0                                  0
DAYS >= 1.00        0                                  0
GREATEST
 24 HR. TOTAL    0.17   04/08 TO 04/08

SNOWFALL (INCHES)
RECORDS
 TOTAL           28.5   1896
 SNOW DEPTH        12   04/10/1995
                        04/09/1995
TOTALS            5.6               1.9     3.7      0.0
 LIQUID EQUIV    0.56              0.20    0.36     0.00
SINCE 7/1        63.4              33.6    29.8     37.7
 LIQUID 7/1      6.34              3.40    2.94     3.77
SNOWDEPTH AVG.      0                                  0
DAYS >= TRACE       6                                  0
DAYS >= 1.0         2                                  0
GREATEST
 SNOW DEPTH         4   04/09                          0  MM
 24 HR TOTAL      3.4   04/08 TO 04/08

DEGREE_DAYS
HEATING TOTAL     756               603     153      582
 SINCE 7/1       8887              8007     880     7644
COOLING TOTAL       0                 1      -1        0
 SINCE 1/1          0                 1      -1        0
.................................................................

WIND (MPH)
AVERAGE WIND SPEED              11.8
RESULTANT WIND SPEED/DIRECTION   5/091
HIGHEST WIND SPEED/DIRECTION    43/310    DATE  04/21
HIGHEST GUST SPEED/DIRECTION    56/300    DATE  04/21

SKY COVER
POSSIBLE SUNSHINE (PERCENT)   MM
AVERAGE SKY COVER           0.30
NUMBER OF DAYS FAIR           18
NUMBER OF DAYS PC              7
NUMBER OF DAYS CLOUDY          5

AVERAGE RH (PERCENT)     62

WEATHER CONDITIONS. NUMBER OF DAYS WITH
THUNDERSTORM              0     MIXED PRECIP                0
HEAVY RAIN                0     RAIN                        0
LIGHT RAIN                4     FREEZING RAIN               0
LT FREEZING RAIN          0     HAIL                        0
HEAVY SNOW                0     SNOW                        2
LIGHT SNOW                6     SLEET                       0
FOG                       10    FOG W/VIS <= 1/4 MILE       1
HAZE                      7

-  INDICATES NEGATIVE NUMBERS.
R  INDICATES RECORD WAS SET OR TIED.
MM INDICATES DATA IS MISSING.
T  INDICATES TRACE AMOUNT.

&&

APRIL 2018 WAS COLDER AND DRIER THAN NORMAL.

THE AVERAGE TEMPERATURE FOR THE MONTH WAS 39.5 DEGREES, WHICH WAS
5.4 DEGREES BELOW NORMAL. THE AVERAGE HIGH TEMPERATURE FOR THE MONTH
WAS 51.5 DEGREES, WITH AN AVERAGE LOW OF 27.5 DEGREES. THE WARMEST
DAY SAW A HIGH OF 82 DEGREES ON THE 28TH. THE LOW TEMPERATURE
DROPPED BELOW FREEZING ON EIGHTEEN DAYS, THE COLDEST BEING A LOW OF
0 DEGREES ON THE 1ST. THIS WAS THE ONLY DAY THAT REACHED A LOW OF 0
DEGREES THIS APRIL. A DAILY RECORD LOW TEMPERATURE WAS RECORDED ON
THE 6TH WHEN GLASGOW REACHED A LOW OF 4 DEGREES.

GLASGOW RECEIVED 5.6 INCHES OF SNOW DURING APRIL, WHICH WAS 1.9
INCHES ABOVE NORMAL. THE SNOWIEST DAY OF THE MONTH WAS THE 8TH,
DURING WHICH 3.4 INCHES OF SNOW FELL.

GLASGOW RECEIVED 0.42 INCHES OF MOISTURE DURING THE MONTH, SOME OF
WHICH WAS MEASURED OUT OF THE SNOW AND SOME FELL AS RAIN TOWARD THE
END OF THE MONTH. THIS WAS 0.43 INCHES BELOW NORMAL FOR APRIL. THE
HIGHEST MOISTURE CONTENT WAS 0.17 INCHES ON THE 8TH.

THE WIND GUSTED TO 30 MPH OR GREATER ON 14 DAYS, TO 40 MPH OR
GREATER ON 2 DAYS, AND TO 50 MPH OR GREATER ON ONLY 1 DAY. THE PEAK
WIND WAS 56 MPH ON THE 21ST.

LOOKING AHEAD TO MAY, NORMAL HIGH AND LOW TEMPERATURES AT THE
BEGINNING OF THE MONTH ARE 64 AND 37 DEGREES. BY MONTH`S END, THE
NORMAL HIGHS AND LOWS ARE 72 AND 47 DEGREES. THE NORMAL
PRECIPITATION FOR MAY IS 1.92 INCHES WITH 1.2 INCHES OF SNOW.

$$

AEH
