000
CXUS53 KGID 011423
CLMGRI


CLIMATE REPORT
NATIONAL WEATHER SERVICE HASTINGS NE
923 AM CDT TUE MAY 1 2018

...................................

...THE GRAND ISLAND NE CLIMATE SUMMARY FOR THE MONTH OF APRIL 2018...

CLIMATE NORMAL PERIOD 1981 TO 2010
CLIMATE RECORD PERIOD 1895 TO 2018

WEATHER         OBSERVED          NORMAL  DEPART  LAST YEAR`S
                 VALUE   DATE(S)  VALUE   FROM    VALUE  DATE(S)
                                          NORMAL
................................................................
TEMPERATURE (F)
RECORD
 HIGH              98   04/20/1902
 LOW                    04/02/1936
HIGHEST            84   04/30        86      -2       79  04/15
LOWEST              8   04/07        22     -14       22  04/11
AVG. MAXIMUM     55.4              63.2    -7.8     63.1
AVG. MINIMUM     30.8              37.9    -7.1     39.2
MEAN             43.1              50.6    -7.5     51.1
DAYS MAX >= 90      0               0.5    -0.5        0
DAYS MAX <= 32      3               0.1     2.9        0
DAYS MIN <= 32     18               7.4    10.6        7
DAYS MIN <= 0       0               0.0     0.0        0

PRECIPITATION (INCHES)
RECORD
 MAXIMUM         9.43   1896
 MINIMUM         0.09   1989
TOTALS           1.26              2.53   -1.27     2.64
DAILY AVG.       0.04              0.08   -0.04     0.09
DAYS >= .01        11               8.4     2.6        6
DAYS >= .10         7               4.5     2.5        3
DAYS >= .50         0               1.7    -1.7        2
DAYS >= 1.00        0               0.6    -0.6        1
GREATEST
 24 HR. TOTAL    0.23   04/24 TO 04/24

SNOWFALL (INCHES)
RECORDS
 TOTAL           12.0   1913
TOTALS            4.1               1.5     2.6        T
SINCE 7/1        33.6              29.0     4.6      8.9
SNOWDEPTH AVG.      0                MM      MM        0
DAYS >= 1.0         2               0.4     1.6        0
GREATEST
 SNOW DEPTH         1   04/15                          0  MM
                        04/07
                        04/06

DEGREE_DAYS
HEATING TOTAL     661               445     216      413
 SINCE 7/1       6196              6002     194     5176
COOLING TOTAL       8                11      -3        5
 SINCE 1/1          8                11      -3        5
.................................................................

WIND (MPH)
AVERAGE WIND SPEED              13.7
HIGHEST WIND SPEED/DIRECTION    44/340    DATE  04/14
HIGHEST GUST SPEED/DIRECTION    59/350    DATE  04/14

SKY COVER
POSSIBLE SUNSHINE (PERCENT)   MM
NUMBER OF DAYS FAIR           16
NUMBER OF DAYS PC              7
NUMBER OF DAYS CLOUDY          7

AVERAGE RH (PERCENT)     65

WEATHER CONDITIONS. NUMBER OF DAYS WITH
THUNDERSTORM              0     MIXED PRECIP               0
HEAVY RAIN                0     RAIN                       3
LIGHT RAIN                7     FREEZING RAIN              1
LT FREEZING RAIN          0     HAIL                       0
HEAVY SNOW                1     SNOW                       1
LIGHT SNOW                6     SLEET                      0
FOG                       5     FOG W/VIS <= 1/4 MILE      2
HAZE                      1

-  INDICATES NEGATIVE NUMBERS.
R  INDICATES RECORD WAS SET OR TIED.
MM INDICATES DATA IS MISSING.
T  INDICATES TRACE AMOUNT.

$$
