000
CXUS53 KGLD 031532 RRA
CLMHLC

CLIMATE REPORT
NATIONAL WEATHER SERVICE GOODLAND
928 AM MDT THU MAY 3 2018

...................................

...THE HILL CITY CLIMATE SUMMARY FOR THE MONTH OF APRIL 2018...

CLIMATE NORMAL PERIOD 1981 TO 2010
CLIMATE RECORD PERIOD 1896 TO 2018

WEATHER         OBSERVED          NORMAL  DEPART  LAST YEAR`S
                 VALUE   DATE(S)  VALUE   FROM    VALUE  DATE(S)
                                          NORMAL
................................................................
TEMPERATURE (F)
RECORD
 HIGH             101   04/22/1989
 LOW                4   04/02/1936
HIGHEST            86   04/29        89      -3       87  04/14
LOWEST              5   04/07        22     -17       26  04/11
AVG. MAXIMUM     62.4              65.5    -3.1     67.4
AVG. MINIMUM     30.3              37.8    -7.5     41.4
MEAN             46.3              51.6    -5.3     54.4
DAYS MAX >= 90      0               0.2    -0.2        0
DAYS MAX <= 32      0               0.2    -0.2        0
DAYS MIN <= 32     17               8.0     9.0        5
DAYS MIN <= 0       0               0.0     0.0        0

PRECIPITATION (INCHES)
RECORD
 MAXIMUM         6.72   2016
 MINIMUM         0.07   1946
TOTALS           0.63              2.12   -1.49     3.62
DAILY AVG.       0.02              0.07   -0.05     0.12
DAYS >= .01         5                MM      MM       10
DAYS >= .10         2                MM      MM        8
DAYS >= .50         0                MM      MM        3
DAYS >= 1.00        0                MM      MM        0
GREATEST
 24 HR. TOTAL    0.25   04/24 TO 04/24              0.93


.................................................................



-  INDICATES NEGATIVE NUMBERS.
R  INDICATES RECORD WAS SET OR TIED.
MM INDICATES DATA IS MISSING.
T  INDICATES TRACE AMOUNT.

$$
