000
CXUS53 KAPX 012010
CLMHTL


CLIMATE REPORT
NATIONAL WEATHER SERVICE GAYLORD MI
409 PM EDT SUN APR 1 2018

...................................

...THE HOUGHTON LAKE MI CLIMATE SUMMARY FOR THE MONTH OF MARCH 2018...

CLIMATE NORMAL PERIOD 1981 TO 2010
CLIMATE RECORD PERIOD 1913 TO 2018

WEATHER         OBSERVED          NORMAL  DEPART  LAST YEAR`S
                 VALUE   DATE(S)  VALUE   FROM    VALUE  DATE(S)
                                          NORMAL
................................................................
TEMPERATURE (F)
RECORD
 HIGH              85   03/21/2012
 LOW              -25   03/03/1943
HIGHEST            50   03/26        MM      MM       56  03/28
                        03/18                             03/24
                                                          03/07
LOWEST             10   03/11        MM      MM       -2  03/04
AVG. MAXIMUM     37.8              39.7    -1.9     37.4
AVG. MINIMUM     19.7              18.5     1.2     21.4
MEAN             28.7              29.1    -0.4     29.4
DAYS MAX >= 90      0               0.0     0.0        0
DAYS MAX <= 32      6               7.1    -1.1        9
DAYS MIN <= 32     30              28.1     1.9       25
DAYS MIN <= 0       0               2.4    -2.4        1

PRECIPITATION (INCHES)
RECORD
 MAXIMUM           MM   MM
 MINIMUM           MM   MM
TOTALS           0.80              1.84   -1.04     2.68
DAILY AVG.       0.03              0.06   -0.03     0.09
DAYS >= .01         7              11.0    -4.0       13
DAYS >= .10         4               4.8    -0.8        7
DAYS >= .50         0               1.2    -1.2        2
DAYS >= 1.00        0               0.1    -0.1        0
GREATEST
 24 HR. TOTAL    0.22   03/31 TO 03/31
 STORM TOTAL       MM
 (MM/DD(HH))            MM

SNOWFALL (INCHES)
RECORDS
 TOTAL             MM   MM
 24 HR TOTAL       MM
 SNOW DEPTH        MM   MM
TOTALS            6.8               8.3    -1.5      9.7
SINCE 7/1        41.7              62.8   -21.1     76.1
SNOWDEPTH AVG.      1                 6      -5        1
DAYS >= TRACE      11               7.4     3.6       17
DAYS >= 1.0         3               2.6     0.4        5
GREATEST
 SNOW DEPTH         3   03/10                          5  03/03
                        03/09
                        03/08
 24 HR TOTAL      3.2   03/06 TO 03/06               4.6

DEGREE_DAYS
HEATING TOTAL    1115              1113       2     1097
 SINCE 7/1       6668              6985    -317     5947
COOLING TOTAL       0                 0       0        0
 SINCE 1/1          0                 0       0        0
.................................................................

WIND (MPH)
AVERAGE WIND SPEED              8.6
HIGHEST WIND SPEED/DIRECTION    26/300    DATE  03/31
HIGHEST GUST SPEED/DIRECTION    37/310    DATE  03/31

SKY COVER
POSSIBLE SUNSHINE (PERCENT)   MM
AVERAGE SKY COVER           0.40
NUMBER OF DAYS FAIR           16
NUMBER OF DAYS PC              6
NUMBER OF DAYS CLOUDY          9

AVERAGE RH (PERCENT)     65

WEATHER CONDITIONS. NUMBER OF DAYS WITH
  0
  0
  0
  0
  2
  0
  1
HAZE                      4

-  INDICATES NEGATIVE NUMBERS.
R  INDICATES RECORD WAS SET OR TIED.
MM INDICATES DATA IS MISSING.
T  INDICATES TRACE AMOUNT.

$$
