000
CXUS53 KUNR 011612
CLMICR


CLIMATE REPORT
NATIONAL WEATHER SERVICE RAPID CITY SD
1010 AM MDT TUE MAY 1 2018

...................................

...THE WINNER REGIONAL AIRPORT SD CLIMATE SUMMARY FOR THE MONTH OF APRIL 2018...

CLIMATE NORMAL PERIOD 1981 TO 2010
CLIMATE RECORD PERIOD 9999 TO 9999

WEATHER         OBSERVED          NORMAL  DEPART  LAST YEAR`S
                 VALUE   DATE(S)  VALUE   FROM    VALUE  DATE(S)
                                          NORMAL
................................................................
TEMPERATURE (F)
HIGHEST            84   04/29                         78  04/08
                                                          04/07
LOWEST              7R  04/15                         20  04/27
AVG. MAXIMUM     52.6              59.6    -7.0     62.2
AVG. MINIMUM     28.5              35.9    -7.4     37.1
MEAN             40.5              47.7    -7.2     49.6
DAYS MAX >= 90      0                                  0
DAYS MAX <= 32      4                                  0
DAYS MIN <= 32     18                                  8
DAYS MIN <= 0       0                                  0

PRECIPITATION (INCHES)
TOTALS           0.70              2.49   -1.79     2.10
DAILY AVG.       0.02              0.08   -0.06     0.07
DAYS >= .01         9                                  9
DAYS >= .10         2                                  5
DAYS >= .50         0                                  1
DAYS >= 1.00        0                                  0
GREATEST
 24 HR. TOTAL    0.37   04/13 TO 04/13              0.89

DEGREE_DAYS
HEATING TOTAL     732               519     213      457
 SINCE 7/1       6518              6404     114     5343
COOLING TOTAL       3                 2       1        2
 SINCE 1/1          3                 2       1        2
.................................................................

WIND (MPH)
AVERAGE WIND SPEED              12.8
HIGHEST WIND SPEED/DIRECTION    44/020    DATE  04/13
HIGHEST GUST SPEED/DIRECTION    57/010    DATE  04/13

AVERAGE RH (PERCENT)     61

WEATHER CONDITIONS. NUMBER OF DAYS WITH
THUNDERSTORM              1     MIXED PRECIP               0
HEAVY RAIN                1     RAIN                       1
LIGHT RAIN               10     FREEZING RAIN              0
LT FREEZING RAIN          1     HAIL                       0
HEAVY SNOW                1     SNOW                       3
LIGHT SNOW               10     SLEET                      0
FOG                       9     FOG W/VIS <= 1/4 MILE      1
HAZE                      6

-  INDICATES NEGATIVE NUMBERS.
R  INDICATES RECORD WAS SET OR TIED.
MM INDICATES DATA IS MISSING.
T  INDICATES TRACE AMOUNT.

$$
