498
CXUS54 KMEG 012246
CLMMEG


CLIMATE REPORT
NATIONAL WEATHER SERVICE MEMPHIS TN
543 PM CDT SUN APR 1 2018

...................................

...THE MEMPHIS/GERMANTOWN WFO CLIMATE SUMMARY FOR THE MONTH OF MARCH 2018...

CLIMATE NORMAL PERIOD 1981 TO 2010
CLIMATE RECORD PERIOD 1988 TO 2018

WEATHER         OBSERVED          NORMAL  DEPART  LAST YEAR`S
                 VALUE   DATE(S)  VALUE   FROM    VALUE  DATE(S)
                                          NORMAL
................................................................
TEMPERATURE (F)
RECORD
 HIGH              89   03/29/2007
 LOW               10   03/06/2015
HIGHEST            78   03/27        MM      MM       85  03/20
LOWEST             30   03/14        MM      MM       25  03/15
                        03/13
                        03/08
AVG. MAXIMUM     63.7              62.5     1.2     66.7
AVG. MINIMUM     42.4              40.1     2.3     45.2
MEAN             53.1              51.3     1.8     56.0
DAYS MAX >= 90      0               0.0     0.0        0
DAYS MAX <= 32      0               0.2    -0.2        0
DAYS MIN <= 32      4               7.3    -3.3        6
DAYS MIN <= 0       0               0.0     0.0        0

PRECIPITATION (INCHES)
RECORD
 MAXIMUM           MM   MM
 MINIMUM           MM   MM
TOTALS           5.38              4.95    0.43     4.73
DAILY AVG.       0.17              0.16    0.01     0.15
DAYS >= .01        11              11.2    -0.2       15
DAYS >= .10         7               7.7    -0.7       11
DAYS >= .50         3               3.7    -0.7        3
DAYS >= 1.00        1               1.4    -0.4        1
GREATEST
 24 HR. TOTAL    2.52   03/28 TO 03/28

SNOWFALL (INCHES)
RECORDS
 TOTAL             MM   5
TOTALS            0.0               0.8    -0.8      0.4
SINCE 7/1         3.8               2.4     1.4      1.4
SNOWDEPTH AVG.      0                MM      MM        0
DAYS >= 1.0         0               0.1    -0.1        0
GREATEST
 SNOW DEPTH         0   MM                             0  MM
 24 HR TOTAL      0.0   03/31 TO 03/31

DEGREE_DAYS
HEATING TOTAL     362               436     -74      307
 SINCE 7/1       2916              3182    -266     2148
COOLING TOTAL       2                11      -9       33
 SINCE 1/1         15                12       3       47
.................................................................



-  INDICATES NEGATIVE NUMBERS.
R  INDICATES RECORD WAS SET OR TIED.
MM INDICATES DATA IS MISSING.
T  INDICATES TRACE AMOUNT.

$$
