869
CXUS54 KMOB 011516
CLMMOB


CLIMATE REPORT
NATIONAL WEATHER SERVICE MOBILE AL
939 AM CDT TUE MAY 1 2018

...................................

...THE MOBILE CLIMATE SUMMARY FOR THE MONTH OF APRIL 2018...

CLIMATE NORMAL PERIOD 1981 TO 2010
CLIMATE RECORD PERIOD 1842 TO 2018

WEATHER         OBSERVED          NORMAL  DEPART  LAST YEAR`S
                 VALUE   DATE(S)  VALUE   FROM    VALUE  DATE(S)
                                          NORMAL
................................................................
TEMPERATURE (F)
RECORD
 HIGH              94   04/21/1987
 LOW               32   04/05/1987
                        04/05/1891
                        04/02/1881
HIGHEST            84   04/29        MM      MM       88  04/27
LOWEST             38   04/16        MM      MM       41  04/08
AVG. MAXIMUM     76.6              77.5    -0.9     81.2
AVG. MINIMUM     52.0              55.4    -3.4     58.0
MEAN             64.3              66.4    -2.1     69.6
DAYS MAX >= 90      0               0.1    -0.1        0
DAYS MAX <= 32      0               0.0     0.0        0
DAYS MIN <= 32      0               0.0     0.0        0
DAYS MIN <= 0       0               0.0     0.0        0

PRECIPITATION (INCHES)
RECORD
 MAXIMUM        18.08   2014
 MINIMUM         0.08   1999
TOTALS           3.07              4.79   -1.72     5.76
DAILY AVG.       0.10              0.16   -0.06     0.19
DAYS >= .01         6               7.0    -1.0        8
DAYS >= .10         4               5.0    -1.0        5
DAYS >= .50         2               2.7    -0.7        2
DAYS >= 1.00        2               1.4     0.6        2
GREATEST
 24 HR. TOTAL    1.23   04/14 TO 04/14

DEGREE_DAYS
HEATING TOTAL      72                60      12       23
 SINCE 7/1       1487              1691    -204      913
COOLING TOTAL      59               104     -45      165
 SINCE 1/1        221               159      62      335
.................................................................

WIND (MPH)
AVERAGE WIND SPEED              8.1
HIGHEST WIND SPEED/DIRECTION    31/160    DATE  04/14
HIGHEST GUST SPEED/DIRECTION    41/190    DATE  04/14

SKY COVER
POSSIBLE SUNSHINE (PERCENT)   MM
AVERAGE SKY COVER           0.40
NUMBER OF DAYS FAIR           14
NUMBER OF DAYS PC             11
NUMBER OF DAYS CLOUDY          5

AVERAGE RH (PERCENT)     68

WEATHER CONDITIONS. NUMBER OF DAYS WITH
THUNDERSTORM              3     MIXED PRECIP               0
HEAVY RAIN                0     RAIN                       6
LIGHT RAIN                0     FREEZING RAIN              0
LT FREEZING RAIN          0     HAIL                       0
HEAVY SNOW                0     SNOW                       0
LIGHT SNOW                0     SLEET                      0
FOG                      17     FOG W/VIS <= 1/4 MILE      1
HAZE                      8

-  INDICATES NEGATIVE NUMBERS.
R  INDICATES RECORD WAS SET OR TIED.
MM INDICATES DATA IS MISSING.
T  INDICATES TRACE AMOUNT.

$$
