000
CXUS55 KPSR 011403
CLMNYL

CLIMATE REPORT
NATIONAL WEATHER SERVICE PHOENIX AZ
655 AM MST TUE MAY 1 2018

...................................

...THE YUMA AZ CLIMATE SUMMARY FOR THE MONTH OF APRIL 2018...

CLIMATE NORMAL PERIOD 1981 TO 2010
CLIMATE RECORD PERIOD 1876 TO 2018

WEATHER         OBSERVED          NORMAL  DEPART
                 VALUE   DATE(S)  VALUE   FROM
                                          NORMAL
................................................
TEMPERATURE (F)
RECORD
 HIGH             107   04/06/1989
                        04/21/1958
                        04/18/1954
 LOW               38   04/08/1929
                        04/05/1901
HIGHEST            98   04/27       100      -2
                        04/11
                        04/10
LOWEST             49   04/20        49       0
AVG. MAXIMUM     90.1              86.4     3.7
AVG. MINIMUM     61.6              59.6     2.0
MEAN             75.8              73.0     2.8
DAYS MAX >= 90     19              10.4     8.6
DAYS MAX <= 32      0               0.0     0.0
DAYS MIN <= 32      0               0.0     0.0
DAYS MIN <= 0       0               0.0     0.0

PRECIPITATION (INCHES)
RECORD
 MAXIMUM         1.20   1965
 MINIMUM         0.00   2017
                        2014
                        2010
TOTALS           0.00R             0.15   -0.15
DAYS >= .01         0               0.7    -0.7
DAYS >= .10         0               0.5    -0.5
DAYS >= .50         0               0.1    -0.1
DAYS >= 1.00        0               0.0     0.0
GREATEST
 24 HR. TOTAL    0.00   04/30 TO 04/30

DEGREE_DAYS
HEATING TOTAL       0                13     -13
 SINCE 7/1        406               686    -280
COOLING TOTAL     331               253      78
 SINCE 1/1        496               406      90
.................................................

WIND (MPH)
AVERAGE WIND SPEED              7.0
HIGHEST GUST SPEED/DIRECTION    37/290    DATE  04/19

AVERAGE RH (PERCENT)     26

WEATHER CONDITIONS. NUMBER OF DAYS WITH
THUNDERSTORM              0     HEAVY RAIN                 0
RAIN                      0     LIGHT RAIN                 0
FOG W/VIS <= 1/4 MILE     0

-  INDICATES NEGATIVE NUMBERS.
R  INDICATES RECORD WAS SET OR TIED.
MM INDICATES DATA IS MISSING.
T  INDICATES TRACE AMOUNT.

$$
