000
CXUS53 KPAH 011254
CLMPAH

SDFCLMPAA 000
TTAA00 KPAH 011250

CLIMATE REPORT NATIONAL WEATHER SERVICE PADUCAH KY

742 AM CDT SUN APR 1 2018

...................................

...THE PADUCAH ASOS CLIMATE SUMMARY FOR THE MONTH OF MARCH 2018...

CLIMATE NORMAL PERIOD 1981 TO 2010
CLIMATE RECORD PERIOD 1937 TO 2018

WEATHER         OBSERVED          NORMAL  DEPART  LAST YEAR`S
                 VALUE   DATE(S)  VALUE   FROM    VALUE  DATE(S)
                                          NORMAL
................................................................
TEMPERATURE (F)
RECORD
 HIGH              85   03/13/1967
 LOW               -6   03/06/2015
HIGHEST            71   03/27        58      13       84  03/20
                        03/17
LOWEST             25   03/14        38     -13       19  03/16
                        03/09
AVG. MAXIMUM     56.6              59.0    -2.4     61.2
AVG. MINIMUM     37.8              37.7     0.1     40.2
MEAN             47.2              48.3    -1.1     50.7
DAYS MAX >= 90      0               0.0     0.0        0
DAYS MAX <= 32      0               0.3    -0.3        0
DAYS MIN <= 32     10              10.0     0.0        9
DAYS MIN <= 0       0               0.0     0.0        0

PRECIPITATION (INCHES)
RECORD
 MAXIMUM        14.91   1964
 MINIMUM         0.70   1941
TOTALS           3.96              3.93    0.03     4.39
DAILY AVG.       0.13              0.13    0.00     0.14
DAYS >= .01        16              10.4     5.6       14
DAYS >= .10        11               6.9     4.1       11
DAYS >= .50         2               2.5    -0.5        3
DAYS >= 1.00        0               0.9    -0.9        1
GREATEST
 24 HR. TOTAL    0.98   03/11 TO 03/11
 STORM TOTAL       MM
 (MM/DD(HH))            MM

SNOWFALL (INCHES)
RECORDS
 TOTAL           24.0   1960
TOTALS            0.2               0.6    -0.4      1.0
SINCE 7/1        12.7               9.1     3.6      1.2
SNOWDEPTH AVG.      0                MM      MM        0
DAYS >= TRACE       4
DAYS >= 1.0         0               0.2    -0.2        0
GREATEST
 SNOW DEPTH         0   MM                             0  MM
 24 HR TOTAL      0.2   03/11 TO 03/11
 STORM TOTAL       MM
 (MM/DD(HH))            MM

DEGREE_DAYS
HEATING TOTAL     545               523      22      436
 SINCE 7/1       3700              3819    -119     2915
COOLING TOTAL       0                 7      -7        1
 SINCE 1/1         11                 7       4        1

FREEZE DATES
RECORD
 EARLIEST     10/01/1984
 LATEST       04/28/1992
EARLIEST                        10/26
LATEST                          04/04
.................................................................

WIND (MPH)
AVERAGE WIND SPEED              8.2
HIGHEST WIND SPEED/DIRECTION    37/250    DATE  03/06
HIGHEST GUST SPEED/DIRECTION    54/240    DATE  03/06

SKY COVER
POSSIBLE SUNSHINE (PERCENT)   MM
AVERAGE SKY COVER           0.60
NUMBER OF DAYS FAIR           10
NUMBER OF DAYS PC              8
NUMBER OF DAYS CLOUDY         13

AVERAGE RH (PERCENT)     68

WEATHER CONDITIONS. NUMBER OF DAYS WITH
  0
  8
  0
  0
  0
  0
  0
HAZE                      4

-  INDICATES NEGATIVE NUMBERS.
R  INDICATES RECORD WAS SET OR TIED.
MM INDICATES DATA IS MISSING.
T  INDICATES TRACE AMOUNT.

$$
