828
CXUS55 KPSR 011349
CLMPHX

CLIMATE REPORT
NATIONAL WEATHER SERVICE PHOENIX AZ
647 AM MST SUN APR 1 2018

...................................

...THE PHOENIX AZ CLIMATE SUMMARY FOR THE MONTH OF MARCH 2018...

CLIMATE NORMAL PERIOD 1981 TO 2010
CLIMATE RECORD PERIOD 1895 TO 2018

WEATHER         OBSERVED          NORMAL  DEPART
                 VALUE   DATE(S)  VALUE   FROM
                                          NORMAL
................................................
TEMPERATURE (F)
RECORD
 HIGH             100   03/26/1988
 LOW               25   03/04/1966
HIGHEST            92   03/31        90       2
LOWEST             44   03/01        43       1
AVG. MAXIMUM     78.8              76.9     1.9
AVG. MINIMUM     54.9              53.5     1.4
MEAN             66.8              65.2     1.6
DAYS MAX >= 90      1               1.5    -0.5
DAYS MAX <= 32      0               0.0     0.0
DAYS MIN <= 32      0               0.0     0.0
DAYS MIN <= 0       0               0.0     0.0

PRECIPITATION (INCHES)
RECORD
 MAXIMUM         4.82   1941
 MINIMUM         0.00   2016
                        2008
                        1984
TOTALS           0.04              0.99   -0.95
DAYS >= .01         1               3.9    -2.9
DAYS >= .10         0               2.2    -2.2
DAYS >= .50         0               0.6    -0.6
DAYS >= 1.00        0               0.2    -0.2
GREATEST
 24 HR. TOTAL    0.04   03/11 TO 03/11

DEGREE_DAYS
HEATING TOTAL      35                81     -46
 SINCE 7/1        499               914    -415
COOLING TOTAL     100                87      13
 SINCE 1/1        122               104      18
.................................................

WIND (MPH)
AVERAGE WIND SPEED              6.2
HIGHEST GUST SPEED/DIRECTION    32/250    DATE  03/15

AVERAGE RH (PERCENT)     30

WEATHER CONDITIONS. NUMBER OF DAYS WITH
THUNDERSTORM              0     HEAVY RAIN                 0
RAIN                      0     LIGHT RAIN                 2
FOG W/VIS <= 1/4 MILE     0

-  INDICATES NEGATIVE NUMBERS.
R  INDICATES RECORD WAS SET OR TIED.
MM INDICATES DATA IS MISSING.
T  INDICATES TRACE AMOUNT.

$$
