000
CXUS54 KSJT 081602
CLMSJT


CLIMATE REPORT
NATIONAL WEATHER SERVICE SAN ANGELO TX
1102 AM CDT TUE MAY 8 2018

...................................

...THE SAN ANGELO CLIMATE SUMMARY FOR THE MONTH OF APRIL 2018...

CLIMATE NORMAL PERIOD 1981 TO 2010
CLIMATE RECORD PERIOD 1907 TO 2018

WEATHER         OBSERVED          NORMAL  DEPART  LAST YEAR`S
                 VALUE   DATE(S)  VALUE   FROM    VALUE  DATE(S)
                                          NORMAL
................................................................
TEMPERATURE (F)
RECORD
 HIGH             107   04/19/1925
 LOW               25   04/09/1973
HIGHEST            98   04/12                         97  04/28
LOWEST             32   04/15                         35  04/06
AVG. MAXIMUM     81.4              80.1     1.3     82.1
AVG. MINIMUM     47.2              51.9    -4.7     54.2
MEAN             64.3              66.0    -1.7     68.2
DAYS MAX >= 90      8               4.1     3.9        6
DAYS MAX <= 32      0               0.0     0.0        0
DAYS MIN <= 32      1               0.6     0.4        0
DAYS MIN <= 0       0               0.0     0.0        0

PRECIPITATION (INCHES)
RECORD
 MAXIMUM         6.54   1908
 MINIMUM         0.00   1920
TOTALS           0.13              1.42   -1.29     1.46
DAILY AVG.       0.00              0.05   -0.05     0.05
DAYS >= .01         2               4.5    -2.5        5
DAYS >= .10         0               2.3    -2.3        3
DAYS >= .50         0               1.1    -1.1        1
DAYS >= 1.00        0               0.4    -0.4        0
GREATEST
 24 HR. TOTAL    0.09   04/21 TO 04/21           04/01 TO 04/02
                                                          04/10 TO 04/10EATHER         OBSERVED          NORMAL  DEPART  LAST YEAR`S
                                                          04/10 TO 04/10EATHER         OBSERVED          NORMAL  DEPART  LAST YEAR`S

SNOWFALL (INCHES)
RECORDS
 TOTAL            2.0   1938
TOTALS            0.0                 T     0.0        T
SINCE 7/1           T               2.2    -2.2        T
SNOWDEPTH AVG.      0                MM      MM        0
DAYS >= 1.0         0               0.0     0.0        0
GREATEST
 SNOW DEPTH         0   MM                             0  MM

DEGREE_DAYS
HEATING TOTAL     102                88      14       54
 SINCE 7/1       2091              2306    -215     1498
COOLING TOTAL      87               118     -31      157
 SINCE 1/1        191               156      35      301
.................................................................

WIND (MPH)
AVERAGE WIND SPEED              11.4
HIGHEST WIND SPEED/DIRECTION    37/280    DATE  04/13
HIGHEST GUST SPEED/DIRECTION    47/330    DATE  04/13

SKY COVER
AVERAGE SKY COVER           0.20

AVERAGE RH (PERCENT)     51

WEATHER CONDITIONS. NUMBER OF DAYS WITH
  0
  0
  0
  0
  0
  0
  2
HAZE                      2

-  INDICATES NEGATIVE NUMBERS.
R  INDICATES RECORD WAS SET OR TIED.
MM INDICATES DATA IS MISSING.
T  INDICATES TRACE AMOUNT.

$$
