000
CXUS51 KRLX 012206
CLSCKB
CLIMATE REPORT
NATIONAL WEATHER SERVICE CHARLESTON WV
506 PM EST FRI MAR 01 2024
...................................
...THE CLARKSBURG WV CLIMATE SUMMARY FOR THE SEASON, FROM
12/1/2023 TO 2/29/2024...
CLIMATE NORMAL PERIOD: 1991 TO 2020
CLIMATE RECORD PERIOD: 1922 TO 2024
WEATHER OBSERVED NORMAL DEPART LAST YEAR`S
VALUE DATE(S) VALUE FROM VALUE
NORMAL
..............................................................
TEMPERATURE (F)
RECORD
HIGH 79 02/20/2018
LOW -24 01/19/1994
HIGHEST 68 02/28 77
LOWEST 3 01/22 1
AVG. MAXIMUM 48.0 44.9 3.1 51.7
AVG. MINIMUM 30.5 26.7 3.8 32.9
MEAN 39.2 35.8 3.4 42.3
DAYS MAX <= 32 9 21.3 -12.3 4
DAYS MAX >= 80 0 0
DAYS MIN <= 32 54 68.0 -14.0 48
DAYS MIN <= 0 0 1.6 -1.6 0
DAYS MIN <= 10 0 2
DAYS MIN <= -5 0 0
PRECIPITATION (INCHES)
RECORD
MAXIMUM 18.75 1978-1979
MINIMUM 4.81 1976-1977
TOTALS 9.50 9.82 -0.32 8.52
DAILY AVG. 0.10 0.09
DAYS >= .01 45 42.9 2.1 42
DAYS >= .10 20 22.6 -2.6 23
DAYS >= .50 9 6.3 2.7 6
DAYS >= 1.00 2 1.0 1.0 0
GREATEST
24 HR. TOTAL 1.23 1.19
DEGREE DAYS
HEATING TOTAL 2329 2626 -297 2034
SINCE 7/1 3301 3621 -320 MM
COOLING TOTAL 0 1 -1 4
SINCE 1/1 0 0 0 MM
..............................................................
WIND (MPH)
AVERAGE WIND SPEED 5.7
HIGHEST WIND SPEED/DIRECTION 32/230 DATE 01/13
HIGHEST GUST SPEED/DIRECTION 50/250 DATE 01/13
SKY COVER
AVERAGE SKY COVER 0.60
NUMBER OF DAYS FAIR 26
NUMBER OF DAYS PC 24
NUMBER OF DAYS CLOUDY 41
AVERAGE RH (PERCENT) 67
WEATHER CONDITIONS. NUMBER OF DAYS WITH
THUNDERSTORM 3 MIXED PRECIP 0
HEAVY RAIN 6 RAIN 14
LIGHT RAIN 42 FREEZING RAIN 0
LT FREEZING RAIN 1 HAIL 1
HEAVY SNOW 1 SNOW 5
LIGHT SNOW 26 SLEET 0
FOG 40 FOG W/VIS <= 1/4 MILE 1
HAZE 9
- INDICATES NEGATIVE NUMBERS.
R INDICATES RECORD WAS SET OR TIED.
MM INDICATES DATA IS MISSING.
T INDICATES TRACE AMOUNT.
$$