000
CXUS53 KLBF 181410
CF6IML
PRELIMINARY LOCAL CLIMATOLOGICAL DATA (WS FORM: F-6)
STATION: IMPERIAL
MONTH: APRIL
YEAR: 2024
LATITUDE: 40 31 N
LONGITUDE: 101 37 W
TEMPERATURE IN F: :PCPN: SNOW: WIND :SUNSHINE: SKY :PK WND
================================================================================
1 2 3 4 5 6A 6B 7 8 9 10 11 12 13 14 15 16 17 18
12Z AVG MX 2MIN
DY MAX MIN AVG DEP HDD CDD WTR SNW DPTH SPD SPD DIR MIN PSBL S-S WX SPD DR
================================================================================
1 56 36 46 0 19 0 0.00 M M 17.1 30 360 M M 8 1 40 330
2 64 30 47 1 18 0 0.00 M M 17.0 33 350 M M 4 49 320
3 68 31 50 4 15 0 0.00 M M 8.6 21 350 M M 2 29 10
4 72 25 49 3 16 0 0.00 M M 11.2 25 130 M M 0 37 140
5 75 37 56 10 9 0 0.00 M M 21.9 38 120 M M 0 8 53 150
6 69 36 53 6 12 0 0.22 M M 27.1 45 270 M M 5 138 70 270
7 52 35 44 -3 21 0 0.09 M M 27.2 45 310 M M 5 71 310
8 60 29 45 -2 20 0 0.00 M M 14.3 29 300 M M 0 45 290
9 66 28 47 0 18 0 0.00 M M 9.1 17 350 M M 3 32 250
10 66 37 52 4 13 0 T M M 14.4 31 340 M M 1 42 330
11 63 31 47 -1 18 0 0.00 M M 11.2 23 330 M M 0 34 290
12 80 30 55 7 10 0 0.00 M M 11.0 23 180 M M 0 35 150
13 88 38 63 15 2 0 0.00 M M 8.1 21 330 M M 0 27 340
14 87 45 66 18 0 1 0.00 M M 11.4 20 120 M M 0 33 140
15 89 50 70 22 0 5 0.00 M M 18.4 38 150 M M 0 8 60 150
16 68 43 56 7 9 0 0.03 M M 20.7 47 320 M M 3 8 68 320
17 76 32 54 5 11 0 0.01 M M 14.7 37 10 M M 2 50 10
================================================================================
SM 1199 593 211 6 0.35 M 263.4 M 33
================================================================================
AV 70.5 34.9 15.5 FASTST M M 2 MAX(MPH)
MISC ----> 47 320 71 310
================================================================================
NOTES:
# LAST OF SEVERAL OCCURRENCES
COLUMN 17 PEAK WIND IN M.P.H.
PRELIMINARY LOCAL CLIMATOLOGICAL DATA (WS FORM: F-6) , PAGE 2
STATION: IMPERIAL
MONTH: APRIL
YEAR: 2024
LATITUDE: 40 31 N
LONGITUDE: 101 37 W
[TEMPERATURE DATA] [PRECIPITATION DATA] SYMBOLS USED IN COLUMN 16
AVERAGE MONTHLY: 52.7 TOTAL FOR MONTH: 0.35 1 = FOG OR MIST
DPTR FM NORMAL: 5.4 DPTR FM NORMAL: -0.52 2 = FOG REDUCING VISIBILITY
HIGHEST: 89 ON 15 GRTST 24HR 0.31 ON 6- 7 TO 1/4 MILE OR LESS
LOWEST: 25 ON 4 3 = THUNDER
SNOW, ICE PELLETS, HAIL 4 = ICE PELLETS
TOTAL MONTH: M 5 = HAIL
GRTST 24HR M ON M 6 = FREEZING RAIN OR DRIZZLE
GRTST DEPTH: M ON M 7 = DUSTSTORM OR SANDSTORM:
VSBY 1/2 MILE OR LESS
8 = SMOKE OR HAZE
[NO. OF DAYS WITH] [WEATHER - DAYS WITH] 9 = BLOWING SNOW
X = TORNADO
MAX 32 OR BELOW: 0 0.01 INCH OR MORE: 4
MAX 90 OR ABOVE: 0 0.10 INCH OR MORE: 1
MIN 32 OR BELOW: 8 0.50 INCH OR MORE: 0
MIN 0 OR BELOW: 0 1.00 INCH OR MORE: 0
[HDD (BASE 65) ]
TOTAL THIS MO. 211 CLEAR (SCALE 0-3) 12
DPTR FM NORMAL -89 PTCLDY (SCALE 4-7) 5
TOTAL FM JUL 1 5028 CLOUDY (SCALE 8-10) 0
DPTR FM NORMAL -501
[CDD (BASE 65) ]
TOTAL THIS MO. 6
DPTR FM NORMAL 6 [PRESSURE DATA]
TOTAL FM JAN 1 6 HIGHEST SLP M ON M
DPTR FM NORMAL 6 LOWEST SLP 29.22 ON 15
[REMARKS]