000
CXUS54 KLIX 240810
CF6PQL
PRELIMINARY LOCAL CLIMATOLOGICAL DATA (WS FORM: F-6)
STATION: PASCAGOULA
MONTH: APRIL
YEAR: 2024
LATITUDE: 30 27 N
LONGITUDE: 88 32 W
TEMPERATURE IN F: :PCPN: SNOW: WIND :SUNSHINE: SKY :PK WND
================================================================================
1 2 3 4 5 6A 6B 7 8 9 10 11 12 13 14 15 16 17 18
12Z AVG MX 2MIN
DY MAX MIN AVG DEP HDD CDD WTR SNW DPTH SPD SPD DIR MIN PSBL S-S WX SPD DR
================================================================================
1 81 70 76 13 0 11 0.00 0.0 M 8.0 15 150 M M 7 8 23 170
2 78 67 73 10 0 8 0.19 0.0 M 8.2 15 160 M M 8 1238 27 240
3 77 48 63 0 2 0 0.00 0.0 M 7.2 17 350 M M 1 1 27 330
4 77 40 59 -5 6 0 0.00 0.0 M 2.4 12 220 M M 0 21 210
5 82 43 63 -1 2 0 0.00 0.0 M 2.2 14 360 M M 0 1 20 360
6 75 44 60 -4 5 0 0.00 0.0 M 2.7 12 50 M M 0 1 17 50
7 78 48 63 -1 2 0 0.00 0.0 M 6.2 17 150 M M 2 12 23 150
8 76 64 70 6 0 5 0.08 0.0 M 8.2 18 140 M M 7 13 28 160
9 79 68 74 10 0 9 0.00 0.0 M 12.2 21 130 M M 10 31 130
10 74 65 70 5 0 5 3.56 0.0 M 9.3 28 140 M M 10 1238 40 120
11 71 54 63 -2 2 0 T 0.0 M 5.3 18 320 M M 4 33 330
12 80 48 64 -1 1 0 0.00 0.0 M 4.1 17 360 M M 0 29 360
13 82 47 65 0 0 0 0.00 0.0 M 2.3 10 180 M M 0 1 18 200
14 82 50 66 1 0 1 0.00 0.0 M 2.0 10 170 M M 0 1 17 190
15 81 53 67 1 0 2 0.00 0.0 M 3.8 13 140 M M 3 1 17 150
16 80 62 71 5 0 6 0.00 0.0 M 8.7 22 150 M M 3 1 28 150
17 81 67 74 8 0 9 0.00 0.0 M 4.4 16 160 M M 6 1 21 140
18 83 66 75 9 0 10 0.00 0.0 M 4.1 12 120 M M 7 1 17 99
19 86 64 75 9 0 10 0.00 0.0 M 1.9 9 170 M M 2 2 18 240
20 87 64 76 9 0 11 0.00 0.0 M 3.1 15 10 M M 3 21 10
21 74 54 64 -3 1 0 T 0.0 M 9.5 20 350 M M 3 28 10
22 74 44 59 -8 6 0 0.00 0.0 M 7.3 16 360 M M 0 25 340
23 77 42 60 -7 5 0 0.00 0.0 M 3.5 14 160 M M 2 22 130
================================================================================
SM 1815 1272 32 87 3.83 0.0 126.6 M 78
================================================================================
AV 78.9 55.3 5.5 FASTST M M 3 MAX(MPH)
MISC ----> 28 140 40 120
================================================================================
NOTES:
# LAST OF SEVERAL OCCURRENCES
COLUMN 17 PEAK WIND IN M.P.H.
PRELIMINARY LOCAL CLIMATOLOGICAL DATA (WS FORM: F-6) , PAGE 2
STATION: PASCAGOULA
MONTH: APRIL
YEAR: 2024
LATITUDE: 30 27 N
LONGITUDE: 88 32 W
[TEMPERATURE DATA] [PRECIPITATION DATA] SYMBOLS USED IN COLUMN 16
AVERAGE MONTHLY: 67.1 TOTAL FOR MONTH: 3.83 1 = FOG OR MIST
DPTR FM NORMAL: 2.1 DPTR FM NORMAL: 0.30 2 = FOG REDUCING VISIBILITY
HIGHEST: 87 ON 20 GRTST 24HR 3.56 ON 10-10 TO 1/4 MILE OR LESS
LOWEST: 40 ON 4 3 = THUNDER
SNOW, ICE PELLETS, HAIL 4 = ICE PELLETS
TOTAL MONTH: 0.0 INCH 5 = HAIL
GRTST 24HR 0.0 6 = FREEZING RAIN OR DRIZZLE
GRTST DEPTH: M ON M 7 = DUSTSTORM OR SANDSTORM:
VSBY 1/2 MILE OR LESS
8 = SMOKE OR HAZE
[NO. OF DAYS WITH] [WEATHER - DAYS WITH] 9 = BLOWING SNOW
X = TORNADO
MAX 32 OR BELOW: 0 0.01 INCH OR MORE: 3
MAX 90 OR ABOVE: 0 0.10 INCH OR MORE: 2
MIN 32 OR BELOW: 0 0.50 INCH OR MORE: 1
MIN 0 OR BELOW: 0 1.00 INCH OR MORE: 1
[HDD (BASE 65) ]
TOTAL THIS MO. 32 CLEAR (SCALE 0-3) 12
DPTR FM NORMAL -30 PTCLDY (SCALE 4-7) 9
TOTAL FM JUL 1 1345 CLOUDY (SCALE 8-10) 2
DPTR FM NORMAL -345
[CDD (BASE 65) ]
TOTAL THIS MO. 87
DPTR FM NORMAL 25 [PRESSURE DATA]
TOTAL FM JAN 1 168 HIGHEST SLP M ON M
DPTR FM NORMAL 61 LOWEST SLP 29.60 ON 11
[REMARKS]