000
CXUS51 KPBZ 011433
CLMMGW
CLIMATE REPORT
NATIONAL WEATHER SERVICE PITTSBURGH PA
933 AM EST FRI MAR 01 2024
...................................
...THE MORGANTOWN WV CLIMATE SUMMARY FOR THE MONTH OF FEBRUARY 2024...
CLIMATE NORMAL PERIOD 1991 TO 2020
CLIMATE RECORD PERIOD 1872 TO 2024
WEATHER OBSERVED NORMAL DEPART LAST YEAR`S
VALUE DATE(S) VALUE FROM VALUE DATE(S)
NORMAL
................................................................
TEMPERATURE (F)
RECORD
HIGH 80 02/08/1900
LOW -25 02/10/1899
HIGHEST 68 02/28 67 1 74 02/09
LOWEST 20 02/18 6 14 7 02/04
AVG. MAXIMUM 52.0 43.7 8.3 54.7
AVG. MINIMUM 31.3 25.8 5.5 32.2
MEAN 41.7 34.8 6.9 43.4
DAYS MAX >= 90 0 0.0 0.0 0
DAYS MAX <= 32 1 6.0 -5.0 2
DAYS MIN <= 32 18 21.2 -3.2 17
DAYS MIN <= 0 0 0.4 -0.4 0
PRECIPITATION (INCHES)
RECORD
MAXIMUM 7.07 1883
MINIMUM 0.55 1901
TOTALS 3.67 2.81 0.86 2.14
DAILY AVG. 0.13 NAN NAN 0.08
DAYS >= .01 11 13.0 -2.0 11
DAYS >= .10 8 6.8 1.2 6
DAYS >= .50 3 1.9 1.1 1
DAYS >= 1.00 0 0.2 -0.2 0
GREATEST
24 HR. TOTAL 1.04 02/12 TO 02/13 0.80
DEGREE DAYS
HEATING TOTAL 671 847 -176 599
SINCE 7/1 3192 3799 -607 MM
COOLING TOTAL 0 0 0 0
SINCE 1/1 0 0 0 MM
................................................................
WIND (MPH)
AVERAGE WIND SPEED 5.4
HIGHEST WIND SPEED/DIRECTION 28/220 DATE 02/15
HIGHEST GUST SPEED/DIRECTION 45/220 DATE 02/28
AVERAGE RH (PERCENT) 61
WEATHER CONDITIONS. NUMBER OF DAYS WITH
THUNDERSTORM 3 MIXED PRECIP 0
HEAVY RAIN 1 RAIN 2
LIGHT RAIN 9 FREEZING RAIN 0
LT FREEZING RAIN 0 HAIL 0
HEAVY SNOW 0 SNOW 0
LIGHT SNOW 3 SLEET 0
FOG 11 FOG W/VIS <= 1/4 MILE 0
HAZE 4
- INDICATES NEGATIVE NUMBERS.
R INDICATES RECORD WAS SET OR TIED.
MM INDICATES DATA IS MISSING.
T INDICATES TRACE AMOUNT.
$$