000
CXUS52 KILM 012058
CLSILM
CLIMATE REPORT
NATIONAL WEATHER SERVICE WILMINGTON NC
358 PM EST FRI MAR 01 2024
...................................
...THE WILMINGTON NORTH CAROLINA CLIMATE SUMMARY FOR THE SEASON, FROM
12/1/2023 TO 2/29/2024...
CLIMATE NORMAL PERIOD 1991 TO 2020
CLIMATE RECORD PERIOD 1871 TO 2024
WEATHER OBSERVED NORMAL DEPART LAST YEAR`S
VALUE DATE(S) VALUE FROM VALUE DATE(S)
NORMAL
................................................................
TEMPERATURE (F)
RECORD
HIGH 86 02/23/2023
LOW 0 12/25/1989
HIGHEST 83 01/26 MM MM 86
LOWEST 19 01/21 MM MM 20
AVG. MAXIMUM 62.0 59.3 2.7 64.6
AVG. MINIMUM 39.5 37.9 1.6 41.8
MEAN 50.7 48.6 2.1 53.2
DAYS MAX >= 90 0 0.0 0.0 0
DAYS MAX <= 32 0 0.6 -0.6 0
DAYS MIN <= 32 25 30.2 -5.2 15
DAYS MIN <= 0 0 0.0 0.0 0
PRECIPITATION (INCHES)
RECORD
MAXIMUM 23.34 1997
MINIMUM 2.99 1889
TOTALS 11.72 10.97 0.75 7.75
DAILY AVG. 0.12 0.09
DAYS >= .01 24 29.3 -5.3 24
DAYS >= .10 13 18.6 -5.6 13
DAYS >= .50 5 7.6 -2.6 4
DAYS >= 1.00 4 3.0 1.0 4
GREATEST
24 HR. TOTAL 3.24 1.87
SNOWFALL (INCHES)
RECORDS
TOTAL 18.4 1911
24 HR TOTAL 11.1
TOTALS 0.0 0.9 -0.9 T
SINCE 7/1 0.0 0.9 -0.9 MM
DAYS >= 1.0 0 0.3 -0.3 0
GREATEST
SNOW DEPTH 0 0 MM
24 HR TOTAL MM MM
DEGREE DAYS
HEATING TOTAL 1307 1492 -185 1097
SINCE 7/1 1654 1892 -238 MM
COOLING TOTAL 32 14 18 45
SINCE 1/1 19 8 11 MM
................................................................
WIND (MPH)
AVERAGE WIND SPEED 7.9
RESULTANT WIND SPEED/DIRECTION 2/280
HIGHEST WIND SPEED/DIRECTION 44/200 DATE 01/09
HIGHEST GUST SPEED/DIRECTION 73/190 DATE 01/09
SKY COVER
POSSIBLE SUNSHINE (PERCENT) MM
AVERAGE SKY COVER 0.22
NUMBER OF DAYS FAIR 68
NUMBER OF DAYS PC 16
NUMBER OF DAYS CLOUDY 7
AVERAGE RH (PERCENT) 65
WEATHER CONDITIONS. NUMBER OF DAYS WITH
THUNDERSTORM 2 MIXED PRECIP 0
HEAVY RAIN 7 RAIN 10
LIGHT RAIN 32 FREEZING RAIN 0
LT FREEZING RAIN 0 HAIL 0
HEAVY SNOW 0 SNOW 0
LIGHT SNOW 0 SLEET 0
FOG 35 FOG W/VIS <= 1/4 MILE 2
HAZE 4
- INDICATES NEGATIVE NUMBERS.
R INDICATES RECORD WAS SET OR TIED.
MM INDICATES DATA IS MISSING.
T INDICATES TRACE AMOUNT.
$$