000
CXUS54 KHGX 011510
CF611R
PRELIMINARY LOCAL CLIMATOLOGICAL DATA (WS FORM: F-6)
STATION: BRENHAM
MONTH: NOVEMBER
YEAR: 2022
LATITUDE: 30 13 N
LONGITUDE: 96 22 W
TEMPERATURE IN F: :PCPN: SNOW: WIND :SUNSHINE: SKY :PK WND
================================================================================
1 2 3 4 5 6A 6B 7 8 9 10 11 12 13 14 15 16 17 18
12Z AVG MX 2MIN
DY MAX MIN AVG DEP HDD CDD WTR SNW DPTH SPD SPD DIR MIN PSBL S-S WX SPD DR
================================================================================
1 66 57 62 M 3 0 0.00 0.0 0 0.4 6 290 M M 8 12 M M
2 79 54 67 M 0 2 0.00 0.0 0 1.3 6 130 M M 9 12 M M
3 88 70 79 M 0 14 0.00 0.0 0 5.8 14 200 M M 8 1 21 190
4 86 60 73 M 0 8 M 0.0 0 11.8 20 280 M M 9 30 170
5 71 56 64 M 1 0 M 0.0 0 2.2 9 360 M M 4 M M
6 87 56 72 M 0 7 0.00 0.0 0 1.8 7 210 M M 7 12 M M
7 88 70 79 M 0 14 M 0.0 0 3.7 9 130 M M 6 1 16 160
8 86 65 76 M 0 11 M 0.0 0 3.2 9 130 M M 4 1 17 130
9 86 62 74 M 0 9 M 0.0 0 3.5 8 170 M M 3 1 M M
10 83 68 76 M 0 11 0.00 0.0 0 4.4 9 150 M M 7 1 16 130
11 80 46 63 M 2 0 M 0.0 0 9.1 25 330 M M 8 31 340
12 58 40 49 M 16 0 0.00 0.0 0 10.9 20 350 M M 1 24 350
13 61 35 48 M 17 0 0.00 0.0 0 1.8 7 60 M M 2 M M
14 54 47 51 M 14 0 M 0.0 0 7.4 16 340 M M 10 21 340
15 48 41 45 M 20 0 0.00 0.0 0 10.0 20 360 M M 9 28 350
16 58 39 49 M 16 0 0.00 0.0 0 3.0 9 10 M M 2 17 10
17 60 40 50 M 15 0 0.00 0.0 0 0.0 M M M M 6 M M
18 60 45 53 M 12 0 M 0.0 0 0.7 8 100 M M 10 M M
19 51 40 46 M 19 0 M M M 7.8 17 350 M M 10 23 350
20 52 37 45 M 20 0 M 0.0 0 4.7 9 350 M M 8 M M
21 47 44 46 M 19 0 M 0.0 0 1.3 7 350 M M 10 M M
22 59 45 52 M 13 0 0.00 0.0 0 0.7 4 20 M M 7 M M
23 73 50 62 M 3 0 0.00 0.0 0 3.5 9 130 M M 8 17 140
24 73 62 68 M 0 3 0.00 0.0 0 5.8 14 20 M M 10 123 30 60
25 63 58 61 M 4 0 M 0.0 0 6.2 14 30 M M 9 1 22 30
26 63 46 55 M 10 0 M 0.0 0 7.9 16 250 M M 5 1 29 340
27 72 49 61 M 4 0 0.00 0.0 0 4.0 13 220 M M 0 16 220
28 77 43 60 M 5 0 0.00 0.0 0 2.8 9 160 M M 2 18 160
29 84 65 75 M 0 10 M 0.0 0 7.4 18 210 M M 7 18 27 210
30 71 42 57 M 8 0 0.00 0.0 0 9.3 20 340 M M 0 1 28 340
================================================================================
SM 2084 1532 221 89 0.00 0.0 142.4 M 189
================================================================================
AV 69.5 51.1 4.7 FASTST M M 6 MAX(MPH)
MISC ----> 25 330 31 340
================================================================================
NOTES:
# LAST OF SEVERAL OCCURRENCES
COLUMN 17 PEAK WIND IN M.P.H.
PRELIMINARY LOCAL CLIMATOLOGICAL DATA (WS FORM: F-6) , PAGE 2
STATION: BRENHAM
MONTH: NOVEMBER
YEAR: 2022
LATITUDE: 30 13 N
LONGITUDE: 96 22 W
[TEMPERATURE DATA] [PRECIPITATION DATA] SYMBOLS USED IN COLUMN 16
AVERAGE MONTHLY: 60.3 TOTAL FOR MONTH: 0.00 1 = FOG OR MIST
DPTR FM NORMAL: 7.9 DPTR FM NORMAL: -3.96 2 = FOG REDUCING VISIBILITY
HIGHEST: 88 ON 7, 3 GRTST 24HR 0.00 ON 1- 1 TO 1/4 MILE OR LESS
LOWEST: 35 ON 13 3 = THUNDER
SNOW, ICE PELLETS, HAIL 4 = ICE PELLETS
TOTAL MONTH: 0.0 INCH 5 = HAIL
GRTST 24HR 0.0 6 = FREEZING RAIN OR DRIZZLE
GRTST DEPTH: 0 7 = DUSTSTORM OR SANDSTORM:
VSBY 1/2 MILE OR LESS
8 = SMOKE OR HAZE
[NO. OF DAYS WITH] [WEATHER - DAYS WITH] 9 = BLOWING SNOW
X = TORNADO
MAX 32 OR BELOW: 0 0.01 INCH OR MORE: 0
MAX 90 OR ABOVE: 0 0.10 INCH OR MORE: 0
MIN 32 OR BELOW: 0 0.50 INCH OR MORE: 0
MIN 0 OR BELOW: 0 1.00 INCH OR MORE: 0
[HDD (BASE 65) ]
TOTAL THIS MO. 221 CLEAR (SCALE 0-3) 7
DPTR FM NORMAL M PTCLDY (SCALE 4-7) 12
TOTAL FM JUL 1 251 CLOUDY (SCALE 8-10) 11
DPTR FM NORMAL M
[CDD (BASE 65) ]
TOTAL THIS MO. 89
DPTR FM NORMAL M [PRESSURE DATA]
TOTAL FM JAN 1 3722 HIGHEST SLP M ON M
DPTR FM NORMAL M LOWEST SLP M ON M
[REMARKS]
#FINAL-11-22#