000
CXUS54 KHGX 020714
CF611R
PRELIMINARY LOCAL CLIMATOLOGICAL DATA (WS FORM: F-6)
STATION: BRENHAM
MONTH: MAY
YEAR: 2022
LATITUDE: 30 13 N
LONGITUDE: 96 22 W
TEMPERATURE IN F: :PCPN: SNOW: WIND :SUNSHINE: SKY :PK WND
================================================================================
1 2 3 4 5 6A 6B 7 8 9 10 11 12 13 14 15 16 17 18
12Z AVG MX 2MIN
DY MAX MIN AVG DEP HDD CDD WTR SNW DPTH SPD SPD DIR MIN PSBL S-S WX SPD DR
================================================================================
1 88 71 80 M 0 15 M 0.0 0 5.8 12 150 M M 7 18 150
2 90 75 83 M 0 18 M 0.0 0 12.0 20 180 M M 7 29 190
3 91 74 83 M 0 18 M 0.0 0 7.9 12 190 M M 5 17 180
4 90 74 82 M 0 17 M 0.0 0 8.6 15 140 M M 7 1 25 160
5 89 68 79 M 0 14 M 0.0 0 9.8 22 200 M M 9 13 29 150
6 91 61 76 M 0 11 0.00 0.0 0 3.1 8 170 M M 3 12 16 130
7 93 75 84 M 0 19 0.00 0.0 0 7.9 14 170 M M 5 1 21 180
8 94 77 86 M 0 21 0.00 0.0 0 11.3 15 170 M M 5 1 22 160
9 94 77 86 M 0 21 0.00 0.0 0 10.0 16 150 M M 6 23 160
10 92 75 84 M 0 19 0.00 0.0 0 9.1 14 130 M M 4 1 20 150
11 91 72 82 M 0 17 0.00 0.0 0 5.8 12 130 M M 4 1 20 160
12 92 66 79 M 0 14 M 0.0 M 6.1 12 180 M M 2 12 17 170
13 91 65 78 M 0 13 M 0.0 M 4.9 10 180 M M 2 1 17 180
14 92 69 81 M 0 16 M 0.0 M 5.6 12 200 M M 2 M M
15 92 69 81 M 0 16 M 0.0 M 6.1 10 180 M M 4 18 180
16 92 73 83 M 0 18 M 0.0 0 4.8 13 220 M M 3 21 220
17 94 71 83 M 0 18 M 0.0 0 6.6 16 180 M M 4 1 20 170
18 98 75 87 M 0 22 M 0.0 0 11.3 16 190 M M 5 23 170
19 94 73 84 M 0 19 M 0.0 0 10.4 17 170 M M 5 27 180
20 94 75 85 M 0 20 M 0.0 0 12.8 23 180 M M 8 31 180
21 98 77 88 M 0 23 M 0.0 0 8.7 15 150 M M 7 1 24 170
22 81 63 72 M 0 7 M 0.0 0 7.5 17 320 M M 7 13 39 320
23 86 67 77 M 0 12 M 0.0 0 5.3 13 90 M M 8 21 90
24 86 71 79 M 0 14 M 0.0 0 6.1 13 150 M M 6 20 150
25 82 62 72 M 0 7 M 0.0 0 7.0 14 320 M M 3 3 46 350
26 94 60 77 M 0 12 0.00 0.0 0 4.1 13 220 M M 0 20 250
27 96 68 82 M 0 17 0.00 0.0 0 3.2 9 230 M M 1 M M
28 96 66 81 M 0 16 0.00 0.0 0 6.7 13 200 M M 2 18 160
29 94 76 85 M 0 20 0.00 0.0 0 11.7 18 180 M M 6 31 160
30 95 75 85 M 0 20 0.00 0.0 0 12.3 18 180 M M 6 27 190
31 96 77 87 M 0 22 0.00 0.0 0 9.5 13 150 M M 6 21 160
================================================================================
SM 2846 2197 0 516 0.00 0.0 242.0 M 149
================================================================================
AV 91.8 70.9 7.8 FASTST M M 5 MAX(MPH)
MISC ----> 23 180 46 350
================================================================================
NOTES:
# LAST OF SEVERAL OCCURRENCES
COLUMN 17 PEAK WIND IN M.P.H.
PRELIMINARY LOCAL CLIMATOLOGICAL DATA (WS FORM: F-6) , PAGE 2
STATION: BRENHAM
MONTH: MAY
YEAR: 2022
LATITUDE: 30 13 N
LONGITUDE: 96 22 W
[TEMPERATURE DATA] [PRECIPITATION DATA] SYMBOLS USED IN COLUMN 16
AVERAGE MONTHLY: 81.3 TOTAL FOR MONTH: 0.00 1 = FOG OR MIST
DPTR FM NORMAL: 28.9 DPTR FM NORMAL: -4.65 2 = FOG REDUCING VISIBILITY
HIGHEST: 98 ON 21,18 GRTST 24HR 0.00 ON 6- 6 TO 1/4 MILE OR LESS
LOWEST: 60 ON 26 3 = THUNDER
SNOW, ICE PELLETS, HAIL 4 = ICE PELLETS
TOTAL MONTH: 0.0 INCH 5 = HAIL
GRTST 24HR 0.0 6 = FREEZING RAIN OR DRIZZLE
GRTST DEPTH: 0 7 = DUSTSTORM OR SANDSTORM:
VSBY 1/2 MILE OR LESS
8 = SMOKE OR HAZE
[NO. OF DAYS WITH] [WEATHER - DAYS WITH] 9 = BLOWING SNOW
X = TORNADO
MAX 32 OR BELOW: 0 0.01 INCH OR MORE: 0
MAX 90 OR ABOVE: 25 0.10 INCH OR MORE: 0
MIN 32 OR BELOW: 0 0.50 INCH OR MORE: 0
MIN 0 OR BELOW: 0 1.00 INCH OR MORE: 0
[HDD (BASE 65) ]
TOTAL THIS MO. 0 CLEAR (SCALE 0-3) 9
DPTR FM NORMAL M PTCLDY (SCALE 4-7) 21
TOTAL FM JUL 1 1333 CLOUDY (SCALE 8-10) 1
DPTR FM NORMAL M
[CDD (BASE 65) ]
TOTAL THIS MO. 516
DPTR FM NORMAL M [PRESSURE DATA]
TOTAL FM JAN 1 834 HIGHEST SLP M ON M
DPTR FM NORMAL M LOWEST SLP M ON M
[REMARKS]
#FINAL-05-22#