000
CXUS54 KHGX 011410
CF611R
PRELIMINARY LOCAL CLIMATOLOGICAL DATA (WS FORM: F-6)
STATION: BRENHAM
MONTH: OCTOBER
YEAR: 2021
LATITUDE: 30 13 N
LONGITUDE: 96 22 W
TEMPERATURE IN F: :PCPN: SNOW: WIND :SUNSHINE: SKY :PK WND
================================================================================
1 2 3 4 5 6A 6B 7 8 9 10 11 12 13 14 15 16 17 18
12Z AVG MX 2MIN
DY MAX MIN AVG DEP HDD CDD WTR SNW DPTH SPD SPD DIR MIN PSBL S-S WX SPD DR
================================================================================
1 81 72 77 M 0 12 2.35 0.0 0 3.8 12 120 M M 9 13 18 200
2 87 70 79 M 0 14 0.01 0.0 0 0.4 4 80 M M 6 12 M M
3 90 71 81 M 0 16 0.00 0.0 0 2.9 10 340 M M 3 12 17 20
4 89 65 77 M 0 12 0.00 0.0 0 3.9 15 360 M M 1 22 350
5 88 59 74 M 0 9 0.00 0.0 0 3.2 14 340 M M 0 21 360
6 88 59 74 M 0 9 0.00 0.0 0 0.6 4 110 M M 0 M M
7 89 62 76 M 0 11 0.00 0.0 0 1.6 7 160 M M 0 M M
8 89 65 77 M 0 12 0.00 0.0 0 2.6 8 180 M M 0 1 M M
9 88 64 76 M 0 11 0.00 0.0 0 4.2 10 200 M M 1 1 M M
10 92 70 81 M 0 16 0.00 0.0 0 10.6 20 180 M M 8 29 190
11 84 66 75 M 0 10 0.30 0.0 0 3.9 13 340 M M 6 31 240
12 91 72 82 M 0 17 0.01 0.0 0 6.6 13 180 M M 7 1 22 170
13 91 75 83 M 0 18 0.00 0.0 0 9.8 16 160 M M 6 28 25 170
14 84 73 79 M 0 14 1.75 0.0 0 6.4 17 190 M M 6 3 27 100
15 90 67 79 M 0 14 0.02 0.0 0 6.5 16 340 M M 4 12 27 310
16 74 52 63 M 2 0 0.00 0.0 0 7.8 14 350 M M 0 24 360
17 74 47 61 M 4 0 0.00 0.0 0 0.7 5 60 M M 0 M M
18 78 49 64 M 1 0 0.00 0.0 0 2.2 8 160 M M 0 M M
19 83 56 70 M 0 5 0.00 0.0 0 4.4 12 180 M M 1 M M
20 86 61 74 M 0 9 0.00 0.0 0 0.4 4 130 M M 2 12 M M
21 87 64 76 M 0 11 0.00 0.0 0 0.5 5 120 M M 4 12 M M
22 87 65 76 M 0 11 0.00 0.0 0 1.9 7 130 M M 2 1 M M
23 87 68 78 M 0 13 0.01 0.0 0 6.5 15 190 M M 7 3 22 190
24 89 66 78 M 0 13 0.00 0.0 0 3.3 8 230 M M 5 1 M M
25 88 73 81 M 0 16 0.00 0.0 0 2.0 6 150 M M 6 1 M M
26 88 72 80 M 0 15 0.00 0.0 0 7.5 14 160 M M 8 1 18 150
27 80 60 70 M 0 5 0.68 0.0 0 9.3 17 290 M M 4 3 37 170
28 79 58 69 M 0 4 0.00 0.0 0 13.6 32 330 M M 0 43 330
29 74 53 64 M 1 0 0.00 0.0 0 11.4 27 330 M M 0 35 330
30 77 42 60 M 5 0 0.00 0.0 0 1.5 6 290 M M 0 M M
31 82 46 64 M 1 0 0.00 0.0 0 1.0 6 140 M M 0 M M
================================================================================
SM 2634 1942 14 297 5.13 0.0 141.0 M 96
================================================================================
AV 85.0 62.6 4.5 FASTST M M 3 MAX(MPH)
MISC ----> 32 330 43 330
================================================================================
NOTES:
# LAST OF SEVERAL OCCURRENCES
COLUMN 17 PEAK WIND IN M.P.H.
PRELIMINARY LOCAL CLIMATOLOGICAL DATA (WS FORM: F-6) , PAGE 2
STATION: BRENHAM
MONTH: OCTOBER
YEAR: 2021
LATITUDE: 30 13 N
LONGITUDE: 96 22 W
[TEMPERATURE DATA] [PRECIPITATION DATA] SYMBOLS USED IN COLUMN 16
AVERAGE MONTHLY: 73.8 TOTAL FOR MONTH: 5.13 1 = FOG OR MIST
DPTR FM NORMAL: 21.4 DPTR FM NORMAL: 1.23 2 = FOG REDUCING VISIBILITY
HIGHEST: 92 ON 10 GRTST 24HR 2.35 ON 1- 1 TO 1/4 MILE OR LESS
LOWEST: 42 ON 30 3 = THUNDER
SNOW, ICE PELLETS, HAIL 4 = ICE PELLETS
TOTAL MONTH: 0.0 INCH 5 = HAIL
GRTST 24HR 0.0 6 = FREEZING RAIN OR DRIZZLE
GRTST DEPTH: 0 7 = DUSTSTORM OR SANDSTORM:
VSBY 1/2 MILE OR LESS
8 = SMOKE OR HAZE
[NO. OF DAYS WITH] [WEATHER - DAYS WITH] 9 = BLOWING SNOW
X = TORNADO
MAX 32 OR BELOW: 0 0.01 INCH OR MORE: 8
MAX 90 OR ABOVE: 5 0.10 INCH OR MORE: 4
MIN 32 OR BELOW: 0 0.50 INCH OR MORE: 3
MIN 0 OR BELOW: 0 1.00 INCH OR MORE: 2
[HDD (BASE 65) ]
TOTAL THIS MO. 14 CLEAR (SCALE 0-3) 17
DPTR FM NORMAL M PTCLDY (SCALE 4-7) 12
TOTAL FM JUL 1 14 CLOUDY (SCALE 8-10) 2
DPTR FM NORMAL M
[CDD (BASE 65) ]
TOTAL THIS MO. 297
DPTR FM NORMAL M [PRESSURE DATA]
TOTAL FM JAN 1 3083 HIGHEST SLP M ON M
DPTR FM NORMAL M LOWEST SLP M ON M
[REMARKS]
#FINAL-10-21#