000
CXUS53 KUNR 010930
CF62WX
PRELIMINARY LOCAL CLIMATOLOGICAL DATA (WS FORM: F-6)
STATION: BUFFALO SD
MONTH: SEPTEMBER
YEAR: 2021
LATITUDE: 45 35 N
LONGITUDE: 103 33 W
TEMPERATURE IN F: :PCPN: SNOW: WIND :SUNSHINE: SKY :PK WND
================================================================================
1 2 3 4 5 6A 6B 7 8 9 10 11 12 13 14 15 16 17 18
12Z AVG MX 2MIN
DY MAX MIN AVG DEP HDD CDD WTR SNW DPTH SPD SPD DIR MIN PSBL S-S WX SPD DR
================================================================================
1 88 63 76 10 0 11 0.00 M M 11.6 29 170 M M M 38 180
2 76 54 65 -1 0 0 0.00 M M 12.6 29 20 M M M 36 20
3 73 47 60 -6 5 0 0.00 M M 8.3 23 40 M M M 28 40
4 82 45 64 -1 1 0 0.00 M M 8.1 21 300 M M M 31 300
5 91 50 71 6 0 6 0.00 M M 8.3 24 280 M M M 31 260
6 93 56 75 10 0 10 0.00 M M 14.1 30 290 M M M 37 310
7 82 52 67 3 0 2 0.00 M M 10.5 24 310 M M M 33 300
8 81 47 64 0 1 0 0.00 M M 6.7 14 150 M M M 20 340
9 89 53 71 7 0 6 0.00 M M 10.1 22 320 M M M 27 310
10 97 57 77 14 0 12 0.00 M M 7.3 20 50 M M M 25 40
11 78 56 67 4 0 2 0.00 M M 12.4 22 50 M M M 30 60
12 86 52 69 7 0 4 0.00 M M 8.2 18 190 M M M 25 180
13 79 54 67 5 0 2 0.02 M M 11.9 26 320 M M M 33 320
14 80 50 65 3 0 0 0.00 M M 7.2 14 50 M M M 19 250
15 89 52 71 10 0 6 0.00 M M 10.7 29 290 M M M 40 270
16 77 52 65 4 0 0 0.00 M M 17.7 33 350 M M M 46 340
17 75 37 56 -4 9 0 0.00 M M 13.6 29 150 M M M 42 150
18 97 49 73 13 0 8 0.00 M M 12.1 35 230 M M M 46 230
19 81 51 66 7 0 1 0.08 M M 14.9 47 330 M M M 58 340
20 65 43 54 -5 11 0 0.03 M M 14.3 30 310 M M M 39 330
21 72 39 56 -2 9 0 0.00 M M 9.4 20 240 M M M 31 210
22 87 44 66 8 0 1 0.00 M M 8.6 18 260 M M M 26 290
23 80 46 63 6 2 0 0.00 M M 13.8 28 330 M M M 37 310
24 70 45 58 1 7 0 0.00 M M 8.9 29 310 M M M 36 340
25 90 42 66 10 0 1 0.00 M M 6.7 18 260 M M M 24 250
26 92 54 73 17 0 8 0.00 M M 9.7 24 290 M M M 28 290
27 97 54 76 21 0 11 0.00 M M 6.8 14 150 M M M 22 150
28 98 56 77 22 0 12 0.00 M M 16.5 39 150 M M M 52 200
29 59 49 54 0 11 0 0.08 M M 18.3 35 310 M M M 43 310
30 72 50 61 7 4 0 0.00 M M 10.1 23 330 M M M 28 330
================================================================================
SM 2476 1499 60 103 0.21 M 329.4 M M
================================================================================
AV 82.5 50.0 11.0 FASTST M M M MAX(MPH)
MISC ----> 47 330 58 340
================================================================================
NOTES:
# LAST OF SEVERAL OCCURRENCES
COLUMN 17 PEAK WIND IN M.P.H.
PRELIMINARY LOCAL CLIMATOLOGICAL DATA (WS FORM: F-6) , PAGE 2
STATION: BUFFALO SD
MONTH: SEPTEMBER
YEAR: 2021
LATITUDE: 45 35 N
LONGITUDE: 103 33 W
[TEMPERATURE DATA] [PRECIPITATION DATA] SYMBOLS USED IN COLUMN 16
AVERAGE MONTHLY: 66.3 TOTAL FOR MONTH: 0.21 1 = FOG OR MIST
DPTR FM NORMAL: 5.7 DPTR FM NORMAL: -0.92 2 = FOG REDUCING VISIBILITY
HIGHEST: 98 ON 28 GRTST 24HR 0.11 ON 19-20 TO 1/4 MILE OR LESS
LOWEST: 37 ON 17 3 = THUNDER
SNOW, ICE PELLETS, HAIL 4 = ICE PELLETS
TOTAL MONTH: M 5 = HAIL
GRTST 24HR M ON M 6 = FREEZING RAIN OR DRIZZLE
GRTST DEPTH: M ON M 7 = DUSTSTORM OR SANDSTORM:
VSBY 1/2 MILE OR LESS
8 = SMOKE OR HAZE
[NO. OF DAYS WITH] [WEATHER - DAYS WITH] 9 = BLOWING SNOW
X = TORNADO
MAX 32 OR BELOW: 0 0.01 INCH OR MORE: 4
MAX 90 OR ABOVE: 8 0.10 INCH OR MORE: 0
MIN 32 OR BELOW: 0 0.50 INCH OR MORE: 0
MIN 0 OR BELOW: 0 1.00 INCH OR MORE: 0
[HDD (BASE 65) ]
TOTAL THIS MO. 60 CLEAR (SCALE 0-3) 0
DPTR FM NORMAL -130 PTCLDY (SCALE 4-7) 0
TOTAL FM JUL 1 74 CLOUDY (SCALE 8-10) 30
DPTR FM NORMAL -159
[CDD (BASE 65) ]
TOTAL THIS MO. 103
DPTR FM NORMAL 45 [PRESSURE DATA]
TOTAL FM JAN 1 1000 HIGHEST SLP 30.39 ON 21
DPTR FM NORMAL 424 LOWEST SLP 29.44 ON 28
[REMARKS]
#FINAL-09-21#