000
CXUS54 KEWX 011010
CF63T5
PRELIMINARY LOCAL CLIMATOLOGICAL DATA (WS FORM: F-6)
STATION: LA GRANGE
MONTH: MAY
YEAR: 2021
LATITUDE: 29 54 N
LONGITUDE: 96 57 W
TEMPERATURE IN F: :PCPN: SNOW: WIND :SUNSHINE: SKY :PK WND
================================================================================
1 2 3 4 5 6A 6B 7 8 9 10 11 12 13 14 15 16 17 18
12Z AVG MX 2MIN
DY MAX MIN AVG DEP HDD CDD WTR SNW DPTH SPD SPD DIR MIN PSBL S-S WX SPD DR
================================================================================
1 77 67 72 M 0 7 1.81 M M 9.2 22 100 M M 9 28 100
2 90 66 78 M 0 13 0.40 M M 8.7 17 180 M M 5 3 23 170
3 91 73 82 M 0 17 0.00 M M 11.1 16 160 M M 6 1 24 160
4 81 68 75 M 0 10 0.11 M M 6.6 20 340 M M 6 128 28 340
5 81 60 71 M 0 6 0.00 M M 4.5 12 20 M M 1 16 20
6 87 60 74 M 0 9 0.00 M M 2.7 7 80 M M 1 1 M M
7 87 61 74 M 0 9 0.00 M M 4.5 12 150 M M 0 20 160
8 89 64 77 M 0 12 0.00 M M 10.7 20 160 M M 7 1 29 170
9 89 76 83 M 0 18 0.00 M M 10.3 16 180 M M 9 22 170
10 90 71 81 M 0 16 0.00 M M 5.3 10 150 M M 9 1 M M
11 91 66 79 M 0 14 0.01 M M 6.5 20 350 M M 8 12 33 170
12 73 62 68 M 0 3 0.00 M M 9.6 14 10 M M 10 1 21 10
13 77 62 70 M 0 5 0.00 M M 4.7 9 360 M M 10 9 360
14 83 65 74 M 0 9 0.00 M M 4.3 8 170 M M 8 M M
15 83 64 74 M 0 9 0.00 M M 5.6 12 150 M M 4 20 180
16 81 72 77 M 0 12 0.03 M M 8.6 16 150 M M 7 23 150
17 87 69 78 M 0 13 1.33 M M 5.0 13 120 M M 7 13 26 360
18 84 68 76 M 0 11 1.95 M M 6.8 12 100 M M 7 3 35 140
19 72 66 69 M 0 4 0.26 M M 4.3 13 120 M M 6 3 21 100
20 84 64 74 M 0 9 0.00 M M 1.5 5 100 M M 5 M M
21 86 71 79 M 0 14 0.00 M M 3.9 9 100 M M 7 1 18 100
22 84 73 79 M 0 14 0.47 M M 9.9 18 140 M M 8 25 140
23 76 71 74 M 0 9 0.65 M M 4.9 12 110 M M 9 18 0
24 85 71 78 M 0 13 1.64 M M 4.7 10 220 M M 9 13 23 0
25 85 74 80 M 0 15 0.36 M M 6.3 10 150 M M 9 13 18 160
26 91 75 83 M 0 18 0.00 M M 6.2 14 170 M M 7 1 23 170
27 91 75 83 M 0 18 0.00 M M 8.5 14 160 M M 7 1 17 170
28 89 68 79 M 0 14 0.02 M M 8.4 14 30 M M 7 38 32 30
29 87 67 77 M 0 12 0.00 M M 3.3 16 140 M M 3 8 25 140
30 86 71 79 M 0 14 0.00 M M 5.6 15 140 M M 5 1 21 140
31 87 73 80 M 0 15 0.11 M M 7.1 12 170 M M 8 1 21 150
================================================================================
SM 2624 2113 0 362 9.15 M 199.3 M 204
================================================================================
AV 84.6 68.2 6.4 FASTST M M 7 MAX(MPH)
MISC ----> 22 100 35 140
================================================================================
NOTES:
# LAST OF SEVERAL OCCURRENCES
COLUMN 17 PEAK WIND IN M.P.H.
PRELIMINARY LOCAL CLIMATOLOGICAL DATA (WS FORM: F-6) , PAGE 2
STATION: LA GRANGE
MONTH: MAY
YEAR: 2021
LATITUDE: 29 54 N
LONGITUDE: 96 57 W
[TEMPERATURE DATA] [PRECIPITATION DATA] SYMBOLS USED IN COLUMN 16
AVERAGE MONTHLY: 76.4 TOTAL FOR MONTH: 9.15 1 = FOG OR MIST
DPTR FM NORMAL: 0.0 DPTR FM NORMAL: M 2 = FOG REDUCING VISIBILITY
HIGHEST: 91 ON 27,26 GRTST 24HR 1.95 ON 18-18 TO 1/4 MILE OR LESS
LOWEST: 60 ON 6, 5 3 = THUNDER
SNOW, ICE PELLETS, HAIL 4 = ICE PELLETS
TOTAL MONTH: M 5 = HAIL
GRTST 24HR M ON M 6 = FREEZING RAIN OR DRIZZLE
GRTST DEPTH: M ON M 7 = DUSTSTORM OR SANDSTORM:
VSBY 1/2 MILE OR LESS
8 = SMOKE OR HAZE
[NO. OF DAYS WITH] [WEATHER - DAYS WITH] 9 = BLOWING SNOW
X = TORNADO
MAX 32 OR BELOW: 0 0.01 INCH OR MORE: 14
MAX 90 OR ABOVE: 6 0.10 INCH OR MORE: 11
MIN 32 OR BELOW: 0 0.50 INCH OR MORE: 5
MIN 0 OR BELOW: 0 1.00 INCH OR MORE: 4
[HDD (BASE 65) ]
TOTAL THIS MO. 0 CLEAR (SCALE 0-3) 3
DPTR FM NORMAL M PTCLDY (SCALE 4-7) 18
TOTAL FM JUL 1 1445 CLOUDY (SCALE 8-10) 10
DPTR FM NORMAL M
[CDD (BASE 65) ]
TOTAL THIS MO. 362
DPTR FM NORMAL M [PRESSURE DATA]
TOTAL FM JAN 1 649 HIGHEST SLP M ON M
DPTR FM NORMAL M LOWEST SLP M ON M
[REMARKS]
#FINAL-05-21#