098
CXUS54 KEWX 011010
CF63T5
PRELIMINARY LOCAL CLIMATOLOGICAL DATA (WS FORM: F-6)
STATION: LA GRANGE
MONTH: OCTOBER
YEAR: 2020
LATITUDE: 29 54 N
LONGITUDE: 96 57 W
TEMPERATURE IN F: :PCPN: SNOW: WIND :SUNSHINE: SKY :PK WND
================================================================================
1 2 3 4 5 6A 6B 7 8 9 10 11 12 13 14 15 16 17 18
12Z AVG MX 2MIN
DY MAX MIN AVG DEP HDD CDD WTR SNW DPTH SPD SPD DIR MIN PSBL S-S WX SPD DR
================================================================================
1 88 53 71 M 0 6 0.00 M M 1.2 7 250 M M 0 1 M M
2 82 57 70 M 0 5 0.00 M M 1.6 8 70 M M 0 M M
3 84 53 69 M 0 4 0.00 M M 3.2 7 160 M M 0 M M
4 87 56 72 M 0 7 0.00 M M 1.7 6 80 M M 2 M M
5 85 62 74 M 0 9 0.00 M M 1.0 6 150 M M 0 M M
6 87 64 76 M 0 11 0.00 M M 0.9 5 120 M M 3 1 M M
7 90 58 74 M 0 9 0.00 M M 1.2 7 70 M M 0 18 M M
8 88 63 76 M 0 11 0.00 M M 3.0 7 340 M M 5 M M
9 89 71 80 M 0 15 0.00 M M 5.5 12 360 M M 7 20 350
10 95 65 80 M 0 15 0.00 M M 1.7 6 160 M M 1 1 M M
11 94 71 83 M 0 18 0.00 M M 6.6 12 170 M M 2 1 17 200
12 90 65 78 M 0 13 0.00 M M 5.8 12 200 M M 6 8 18 200
13 89 60 75 M 0 10 0.00 M M 1.5 6 100 M M 0 8 M M
14 90 62 76 M 0 11 0.00 M M 4.7 10 180 M M 5 12 16 210
15 89 68 79 M 0 14 0.00 M M 6.9 15 360 M M 8 22 360
16 74 57 66 M 0 1 0.13 M M 7.1 17 30 M M 8 24 30
17 83 63 73 M 0 8 0.00 M M 5.4 13 170 M M 9 8 18 160
18 90 71 81 M 0 16 0.00 M M 8.1 14 200 M M 6 1 18 210
19 92 70 81 M 0 16 0.00 M M 5.1 10 200 M M 6 12 M M
20 89 73 81 M 0 16 0.00 M M 5.3 13 130 M M 6 M M
21 89 71 80 M 0 15 0.00 M M 3.4 7 140 M M 6 1 M M
22 90 69 80 M 0 15 0.00 M M 4.4 10 120 M M 7 1 M M
23 89 56 73 M 0 8 0.00 M M 6.8 17 350 M M 8 1 27 350
24 66 55 61 M 4 0 0.00 M M 6.3 13 340 M M 9 22 10
25 82 55 69 M 0 4 0.00 M M 4.6 12 160 M M 8 1 17 160
26 84 49 67 M 0 2 0.01 M M 8.2 17 350 M M 10 1 23 350
27 50 44 47 M 18 0 0.01 M M 10.0 14 350 M M 10 1 21 350
28 63 42 53 M 12 0 0.24 M M 9.9 17 330 M M 6 1 24 330
29 65 43 54 M 11 0 0.00 M M 9.4 21 330 M M 1 28 330
30 72 44 58 M 7 0 0.00 M M 2.6 6 10 M M 0 M M
31 77 37 57 M 8 0 0.00 M M 1.2 7 160 M M 0 M M
================================================================================
SM 2582 1827 60 259 0.39 M 144.3 M 139
================================================================================
AV 83.3 58.9 4.7 FASTST M M 4 MAX(MPH)
MISC ----> # 21 330 # 28 330
================================================================================
NOTES:
# LAST OF SEVERAL OCCURRENCES
COLUMN 17 PEAK WIND IN M.P.H.
PRELIMINARY LOCAL CLIMATOLOGICAL DATA (WS FORM: F-6) , PAGE 2
STATION: LA GRANGE
MONTH: OCTOBER
YEAR: 2020
LATITUDE: 29 54 N
LONGITUDE: 96 57 W
[TEMPERATURE DATA] [PRECIPITATION DATA] SYMBOLS USED IN COLUMN 16
AVERAGE MONTHLY: 71.1 TOTAL FOR MONTH: 0.39 1 = FOG OR MIST
DPTR FM NORMAL: M DPTR FM NORMAL: M 2 = FOG REDUCING VISIBILITY
HIGHEST: 95 ON 10 GRTST 24HR 0.24 ON 28-28 TO 1/4 MILE OR LESS
LOWEST: 37 ON 31 3 = THUNDER
SNOW, ICE PELLETS, HAIL 4 = ICE PELLETS
TOTAL MONTH: M 5 = HAIL
GRTST 24HR M ON M 6 = FREEZING RAIN OR DRIZZLE
GRTST DEPTH: M ON M 7 = DUSTSTORM OR SANDSTORM:
VSBY 1/2 MILE OR LESS
8 = SMOKE OR HAZE
[NO. OF DAYS WITH] [WEATHER - DAYS WITH] 9 = BLOWING SNOW
X = TORNADO
MAX 32 OR BELOW: 0 0.01 INCH OR MORE: 4
MAX 90 OR ABOVE: 8 0.10 INCH OR MORE: 2
MIN 32 OR BELOW: 0 0.50 INCH OR MORE: 0
MIN 0 OR BELOW: 0 1.00 INCH OR MORE: 0
[HDD (BASE 65) ]
TOTAL THIS MO. 60 CLEAR (SCALE 0-3) 12
DPTR FM NORMAL M PTCLDY (SCALE 4-7) 15
TOTAL FM JUL 1 60 CLOUDY (SCALE 8-10) 4
DPTR FM NORMAL M
[CDD (BASE 65) ]
TOTAL THIS MO. 259
DPTR FM NORMAL M [PRESSURE DATA]
TOTAL FM JAN 1 3227 HIGHEST SLP M ON M
DPTR FM NORMAL M LOWEST SLP M ON M
[REMARKS]
#FINAL-10-20#