000
CXUS51 KPHI 091651
CF655N
PRELIMINARY LOCAL CLIMATOLOGICAL DATA (WS FORM: F-6)
STATION: ATLANTIC CITY MARINA
MONTH: MAY
YEAR: 2022
LATITUDE: 39 22 N
LONGITUDE: 74 25 W
TEMPERATURE IN F: :PCPN: SNOW: WIND :SUNSHINE: SKY :PK WND
================================================================================
1 2 3 4 5 6A 6B 7 8 9 10 11 12 13 14 15 16 17 18
12Z AVG MX 2MIN
DY MAX MIN AVG DEP HDD CDD WTR SNW DPTH SPD SPD DIR MIN PSBL S-S WX SPD DR
================================================================================
1 60 48 54 -2 11 0 0.02 M M 8.1 15 220 M M M 28 220
2 72 52 62 6 3 0 0.23 M M 8.0 14 150 M M M 21 140
3 53 49 51 -6 14 0 0.00 M M 12.9 19 100 M M M 26 90
4 60 51 56 -1 9 0 T M M 5.3 14 110 M M M 18 110
5 61 55 58 1 7 0 0.00 M M 7.8 17 80 M M M 29 70
6 56 50 53 -5 12 0 0.42 M M 11.7 28 80 M M M 40 80
7 51 47 49 -9 16 0 1.59 M M 24.4 32 80 M M M 55 70
8 50 46 48 -10 17 0 0.29 M M 21.0 29 50 M M M 52 60
9 57 45 51 -7 14 0 T M M 16.9 26 50 M M M 44 50
10 59 52 56 -3 9 0 0.00 M M 18.2 28 70 M M M 46 70
11 56 52 54 -5 11 0 T M M 13.4 22 50 M M M 38 60
12 55 51 53 -6 12 0 0.02 M M 10.4 15 50 M M M 26 70
13 59 53 56 -3 9 0 0.00 M M 6.5 12 50 M M M 21 50
14 62 54 58 -2 7 0 1.64 M M 4.6 11 110 M M M 16 160
15 68 55 62 2 3 0 0.00 M M 6.4 13 230 M M M 20 220
16 69 58 64 4 1 0 0.08 M M 9.1 21 220 M M M 32 220
17 78 59 69 9 0 4 0.00 M M 8.7 19 290 M M M 35 290
18 66 56 61 0 4 0 T M M 8.8 16 220 M M M 27 220
19 74 56 65 4 0 0 0.43 M M 8.6 17 160 M M M 29 240
20 70 61 66 5 0 1 0.00 M M 8.5 20 170 M M M 32 170
21 80 65 73 11 0 8 0.00 M M 8.5 19 230 M M M 31 230
22 79 66 73 11 0 8 0.13 M M 10.1 19 230 M M M 38 290
23 72 61 67 5 0 2 0.01 M M 8.0 16 80 M M M 25 330
24 60 57 59 -3 6 0 0.02 M M 11.6 20 90 M M M 28 90
25 61 57 59 -4 6 0 0.00 M M 12.1 19 90 M M M 26 80
26 65 57 61 -2 4 0 T M M 8.9 13 150 M M M 22 150
27 67 61 64 0 1 0 0.09 M M 9.0 19 230 M M M 32 230
28 78 63 71 7 0 6 0.00 M M 9.1 18 220 M M M 31 300
29 71 65 68 4 0 3 0.00 M M 6.1 13 230 M M M 19 150
30 76 65 71 7 0 6 0.00 M M 9.1 16 220 M M M 28 220
31 91 70 81 16 0 16 0.00 M M 7.8 12 230 M M M 18 230
================================================================================
SM 2036 1737 176 54 4.97 M 319.6 M M
================================================================================
AV 65.7 56.0 10.3 FASTST M M M MAX(MPH)
MISC ----> 32 80 55 70
================================================================================
NOTES:
# LAST OF SEVERAL OCCURRENCES
COLUMN 17 PEAK WIND IN M.P.H.
PRELIMINARY LOCAL CLIMATOLOGICAL DATA (WS FORM: F-6) , PAGE 2
STATION: ATLANTIC CITY MARINA
MONTH: MAY
YEAR: 2022
LATITUDE: 39 22 N
LONGITUDE: 74 25 W
[TEMPERATURE DATA] [PRECIPITATION DATA] SYMBOLS USED IN COLUMN 16
AVERAGE MONTHLY: 60.9 TOTAL FOR MONTH: 4.97 1 = FOG OR MIST
DPTR FM NORMAL: 0.6 DPTR FM NORMAL: 1.87 2 = FOG REDUCING VISIBILITY
HIGHEST: 91 ON 31 GRTST 24HR 1.64 ON 14-14 TO 1/4 MILE OR LESS
LOWEST: 45 ON 9 3 = THUNDER
SNOW, ICE PELLETS, HAIL 4 = ICE PELLETS
TOTAL MONTH: M 5 = HAIL
GRTST 24HR M ON M 6 = FREEZING RAIN OR DRIZZLE
GRTST DEPTH: M ON M 7 = DUSTSTORM OR SANDSTORM:
VSBY 1/2 MILE OR LESS
8 = SMOKE OR HAZE
[NO. OF DAYS WITH] [WEATHER - DAYS WITH] 9 = BLOWING SNOW
X = TORNADO
MAX 32 OR BELOW: 0 0.01 INCH OR MORE: 13
MAX 90 OR ABOVE: 1 0.10 INCH OR MORE: 7
MIN 32 OR BELOW: 0 0.50 INCH OR MORE: 2
MIN 0 OR BELOW: 0 1.00 INCH OR MORE: 2
[HDD (BASE 65) ]
TOTAL THIS MO. 176 CLEAR (SCALE 0-3) 0
DPTR FM NORMAL 2 PTCLDY (SCALE 4-7) 0
TOTAL FM JUL 1 3978 CLOUDY (SCALE 8-10) 31
DPTR FM NORMAL -438
[CDD (BASE 65) ]
TOTAL THIS MO. 54
DPTR FM NORMAL 25 [PRESSURE DATA]
TOTAL FM JAN 1 54 HIGHEST SLP M ON M
DPTR FM NORMAL 22 LOWEST SLP 31.99 ON 5
[REMARKS]
#FINAL-05-22#