000
CXUS54 KMAF 011614
CF66R6
PRELIMINARY LOCAL CLIMATOLOGICAL DATA (WS FORM: F-6)
STATION: TERRELL COUNTY AIRPORT
MONTH: OCTOBER
YEAR: 2022
LATITUDE: 30 2 N
LONGITUDE: 102 13 W
TEMPERATURE IN F: :PCPN: SNOW: WIND :SUNSHINE: SKY :PK WND
================================================================================
1 2 3 4 5 6A 6B 7 8 9 10 11 12 13 14 15 16 17 18
12Z AVG MX 2MIN
DY MAX MIN AVG DEP HDD CDD WTR SNW DPTH SPD SPD DIR MIN PSBL S-S WX SPD DR
================================================================================
1 85 58 72 -2 0 7 0.00 M M 8.2 21 100 M M 0 27 100
2 81 59 70 -4 0 5 0.00 M M 8.6 20 110 M M 0 24 110
3 81 57 69 -4 0 4 0.00 M M 9.9 18 110 M M 0 25 100
4 84 59 72 -1 0 7 0.00 M M 7.4 15 100 M M 0 21 110
5 88 59 74 1 0 9 0.00 M M 8.5 16 110 M M 0 23 120
6 83 63 73 1 0 8 0.00 M M 8.1 20 100 M M 0 27 110
7 83 60 72 0 0 7 0.00 M M 8.7 20 120 M M 0 26 130
8 80 58 69 -3 0 4 0.00 M M 10.0 18 130 M M 0 27 130
9 84 59 72 0 0 7 0.00 M M 8.2 22 100 M M 0 29 130
10 80 61 71 0 0 6 0.24 M M 8.3 22 130 M M 0 31 270
11 80 57 69 -2 0 4 0.40 M M 4.3 23 270 M M 0 29 290
12 90 58 74 3 0 9 0.00 M M 5.6 13 20 M M 0 20 350
13 83 58 71 1 0 6 0.00 M M 6.3 13 50 M M 0 19 50
14 83 61 72 2 0 7 0.00 M M 6.3 12 120 M M 0 15 100
15 86 63 75 5 0 10 0.00 M M 8.2 16 110 M M 0 22 110
16 77 62 70 1 0 5 1.42 M M 9.6 26 50 M M 0 41 340
17 63 54 59 -10 6 0 1.11 M M 12.1 21 20 M M 0 29 20
18 61 50 56 -12 9 0 0.00 M M 6.6 13 80 M M 0 17 70
19 70 50 60 -8 5 0 0.00 M M 2.8 9 180 M M 0 13 150
20 79 49 64 -4 1 0 0.00 M M 6.7 15 240 M M 0 19 240
21 82 48 65 -2 0 0 0.00 M M 8.3 16 230 M M 0 23 210
22 80 51 66 -1 0 1 0.00 M M 5.9 14 140 M M 0 19 140
23 68 56 62 -5 3 0 0.00 M M 5.8 14 120 M M 0 19 120
24 87 52 70 4 0 5 0.00 M M 11.1 37 320 M M 0 50 310
25 73 41 57 -9 8 0 0.00 M M 5.8 15 240 M M 0 22 210
26 74 42 58 -8 7 0 0.00 M M 6.7 15 130 M M 0 19 120
27 74 48 61 -4 4 0 0.00 M M 6.9 24 330 M M 0 37 320
28 68 51 60 -5 5 0 0.00 M M 12.6 30 330 M M 0 42 310
29 72 45 59 -5 6 0 0.00 M M 5.8 13 330 M M 0 19 320
30 71 43 57 -7 8 0 0.00 M M 4.9 10 110 M M 0 13 90
31 72 54 63 -1 2 0 0.00 M M 8.5 17 120 M M 0 24 130
================================================================================
SM 2422 1686 64 111 3.17 M 236.7 M 0
================================================================================
AV 78.1 54.4 7.6 FASTST M M 0 MAX(MPH)
MISC ----> 37 320 50 310
================================================================================
NOTES:
# LAST OF SEVERAL OCCURRENCES
COLUMN 17 PEAK WIND IN M.P.H.
PRELIMINARY LOCAL CLIMATOLOGICAL DATA (WS FORM: F-6) , PAGE 2
STATION: TERRELL COUNTY AIRPORT
MONTH: OCTOBER
YEAR: 2022
LATITUDE: 30 2 N
LONGITUDE: 102 13 W
[TEMPERATURE DATA] [PRECIPITATION DATA] SYMBOLS USED IN COLUMN 16
AVERAGE MONTHLY: 66.3 TOTAL FOR MONTH: 3.17 1 = FOG OR MIST
DPTR FM NORMAL: -2.7 DPTR FM NORMAL: 2.12 2 = FOG REDUCING VISIBILITY
HIGHEST: 90 ON 12 GRTST 24HR 2.53 ON 16-17 TO 1/4 MILE OR LESS
LOWEST: 41 ON 25 3 = THUNDER
SNOW, ICE PELLETS, HAIL 4 = ICE PELLETS
TOTAL MONTH: M 5 = HAIL
GRTST 24HR M ON M 6 = FREEZING RAIN OR DRIZZLE
GRTST DEPTH: M ON M 7 = DUSTSTORM OR SANDSTORM:
VSBY 1/2 MILE OR LESS
8 = SMOKE OR HAZE
[NO. OF DAYS WITH] [WEATHER - DAYS WITH] 9 = BLOWING SNOW
X = TORNADO
MAX 32 OR BELOW: 0 0.01 INCH OR MORE: 4
MAX 90 OR ABOVE: 1 0.10 INCH OR MORE: 4
MIN 32 OR BELOW: 0 0.50 INCH OR MORE: 2
MIN 0 OR BELOW: 0 1.00 INCH OR MORE: 2
[HDD (BASE 65) ]
TOTAL THIS MO. 64 CLEAR (SCALE 0-3) 31
DPTR FM NORMAL 18 PTCLDY (SCALE 4-7) 0
TOTAL FM JUL 1 64 CLOUDY (SCALE 8-10) 0
DPTR FM NORMAL 17
[CDD (BASE 65) ]
TOTAL THIS MO. 111
DPTR FM NORMAL -61 [PRESSURE DATA]
TOTAL FM JAN 1 3335 HIGHEST SLP 30.33 ON 19
DPTR FM NORMAL 424 LOWEST SLP 29.62 ON 24
[REMARKS]
#FINAL-10-22#