000
CXUS55 KABR 011100
CF68D3
PRELIMINARY LOCAL CLIMATOLOGICAL DATA (WS FORM: F-6)
STATION: SISSETON SD
MONTH: SEPTEMBER
YEAR: 2021
LATITUDE: 45 40 N
LONGITUDE: 96 59 W
TEMPERATURE IN F: :PCPN: SNOW: WIND :SUNSHINE: SKY :PK WND
================================================================================
1 2 3 4 5 6A 6B 7 8 9 10 11 12 13 14 15 16 17 18
12Z AVG MX 2MIN
DY MAX MIN AVG DEP HDD CDD WTR SNW DPTH SPD SPD DIR MIN PSBL S-S WX SPD DR
================================================================================
1 79 54 67 1 0 2 0.00 0.0 0 8.3 20 130 M M 0 30 130
2 68 59 64 -2 1 0 1.92 0.0 0 11.2 21 140 M M 0 31 130
3 74 59 67 2 0 2 0.02 0.0 0 6.0 15 350 M M 0 20 340
4 79 54 67 2 0 2 0.00 0.0 0 7.3 18 280 M M 0 25 270
5 78 52 65 0 0 0 0.00 0.0 0 5.4 16 320 M M 0 22 320
6 86 51 69 5 0 4 0.00 0.0 0 9.0 20 250 M M 0 26 260
7 79 58 69 5 0 4 0.00 0.0 0 13.8 28 310 M M 0 40 320
8 76 50 63 -1 2 0 0.00 0.0 0 9.2 20 310 M M 0 28 320
9 78 44 61 -2 4 0 0.00 0.0 0 3.5 10 200 M M 0 16 180
10 88 53 71 8 0 6 0.00 0.0 0 5.9 14 190 M M 0 19 190
11 76 52 64 1 1 0 0.00 0.0 0 9.7 22 330 M M 0 32 340
12 74 45 60 -2 5 0 0.00 0.0 0 3.6 9 10 M M 0 13 330
13 64 46 55 -7 10 0 0.84 0.0 0 6.4 15 150 M M 0 21 130
14 75 51 63 1 2 0 0.00 0.0 0 7.9 18 320 M M 0 26 330
15 79 49 64 3 1 0 0.00 0.0 0 10.8 22 180 M M 0 36 170
16 86 57 72 11 0 7 0.00 0.0 0 11.8 24 330 M M 0 35 210
17 72 45 59 -1 6 0 0.00 0.0 0 8.4 20 310 M M 0 29 320
18 83 43 63 3 2 0 0.00 0.0 0 11.7 23 190 M M 0 37 190
19 85 75 80 20 0 15 0.00 0.0 0 18.1 33 210 M M 0 50 220
20 79 52 66 7 0 1 0.28 0.0 0 12.7 36 320 M M 0 48 320
21 68 45 57 -2 8 0 0.00 0.0 0 7.8 15 310 M M 0 22 340
22 75 44 60 2 5 0 0.00 0.0 0 10.1 21 220 M M 0 29 200
23 78 48 63 5 2 0 0.00 0.0 0 7.1 17 190 M M 0 25 180
24 66 50 58 0 7 0 0.08 0.0 0 12.8 23 320 M M 0 32 290
25 75 41 58 1 7 0 0.00 0.0 0 8.4 17 270 M M 0 25 250
26 91 48 70 13 0 5 0.00 0.0 0 5.3 12 340 M M 0 18 350
27 82 46 64 8 1 0 0.00 0.0 0 5.6 13 150 M M 0 19 130
28 91 53 72 16 0 7 0.00 0.0 0 9.0 18 170 M M 0 28 160
29 85 58 72 17 0 7 0.15 0.0 0 6.9 18 180 M M 0 27 170
30 75 58 67 12 0 2 0.92 0.0 0 4.5 26 240 M M 0 38 250
================================================================================
SM 2344 1540 64 64 4.21 0.0 258.2 M 0
================================================================================
AV 78.1 51.3 8.6 FASTST M M 0 MAX(MPH)
MISC ----> 36 320 50 220
================================================================================
NOTES:
# LAST OF SEVERAL OCCURRENCES
COLUMN 17 PEAK WIND IN M.P.H.
PRELIMINARY LOCAL CLIMATOLOGICAL DATA (WS FORM: F-6) , PAGE 2
STATION: SISSETON SD
MONTH: SEPTEMBER
YEAR: 2021
LATITUDE: 45 40 N
LONGITUDE: 96 59 W
[TEMPERATURE DATA] [PRECIPITATION DATA] SYMBOLS USED IN COLUMN 16
AVERAGE MONTHLY: 64.7 TOTAL FOR MONTH: 4.21 1 = FOG OR MIST
DPTR FM NORMAL: 3.9 DPTR FM NORMAL: 1.76 2 = FOG REDUCING VISIBILITY
HIGHEST: 91 ON 28,26 GRTST 24HR 1.94 ON 2- 3 TO 1/4 MILE OR LESS
LOWEST: 41 ON 25 3 = THUNDER
SNOW, ICE PELLETS, HAIL 4 = ICE PELLETS
TOTAL MONTH: 0.0 INCH 5 = HAIL
GRTST 24HR 0.0 6 = FREEZING RAIN OR DRIZZLE
GRTST DEPTH: 0 7 = DUSTSTORM OR SANDSTORM:
VSBY 1/2 MILE OR LESS
8 = SMOKE OR HAZE
[NO. OF DAYS WITH] [WEATHER - DAYS WITH] 9 = BLOWING SNOW
X = TORNADO
MAX 32 OR BELOW: 0 0.01 INCH OR MORE: 7
MAX 90 OR ABOVE: 2 0.10 INCH OR MORE: 5
MIN 32 OR BELOW: 0 0.50 INCH OR MORE: 3
MIN 0 OR BELOW: 0 1.00 INCH OR MORE: 1
[HDD (BASE 65) ]
TOTAL THIS MO. 64 CLEAR (SCALE 0-3) 30
DPTR FM NORMAL -116 PTCLDY (SCALE 4-7) 0
TOTAL FM JUL 1 71 CLOUDY (SCALE 8-10) 0
DPTR FM NORMAL -148
[CDD (BASE 65) ]
TOTAL THIS MO. 64
DPTR FM NORMAL 11 [PRESSURE DATA]
TOTAL FM JAN 1 894 HIGHEST SLP 30.32 ON 21
DPTR FM NORMAL 332 LOWEST SLP 29.45 ON 20
[REMARKS]
#FINAL-09-21#