000
CXUS56 KMFR 011030
CF6AAT
PRELIMINARY LOCAL CLIMATOLOGICAL DATA (WS FORM: F-6)
STATION: ALTURAS CA
MONTH: JANUARY
YEAR: 2023
LATITUDE: 41 29 N
LONGITUDE: 120 34 W
TEMPERATURE IN F: :PCPN: SNOW: WIND :SUNSHINE: SKY :PK WND
================================================================================
1 2 3 4 5 6A 6B 7 8 9 10 11 12 13 14 15 16 17 18
12Z AVG MX 2MIN
DY MAX MIN AVG DEP HDD CDD WTR SNW DPTH SPD SPD DIR MIN PSBL S-S WX SPD DR
================================================================================
1 36 18 27 -3 38 0 0.00 M M 7.4 20 10 M M 3 1 29 360
2 36 16 26 -4 39 0 0.10 M M 4.7 17 270 M M 3 12 22 280
3 37 15 26 -4 39 0 T M M 3.0 7 80 M M 9 12 M M
4 41 29 35 4 30 0 0.02 M M 9.7 24 170 M M 9 1 34 190
5 42 33 38 7 27 0 0.26 M M 10.3 30 240 M M 7 1 42 250
6 39 27 33 2 32 0 T M M 8.1 17 170 M M 7 1 26 180
7 43 35 39 8 26 0 0.00 M M 12.9 26 170 M M 9 43 170
8 44 30 37 6 28 0 0.28 M M 10.4 25 180 M M 7 1 36 190
9 44 28 36 5 29 0 0.31 M M 9.9 32 240 M M 6 1 50 240
10 41 24 33 2 32 0 0.03 M M 9.2 29 170 M M 7 1 40 170
11 39 31 35 4 30 0 0.03 M M 8.0 20 170 M M 9 1 26 170
12 52 37 45 13 20 0 0.00 M M 10.4 21 170 M M 5 31 170
13 52 36 44 12 21 0 0.03 M M 9.2 29 210 M M 8 37 200
14 46 28 37 5 28 0 0.07 M M 10.8 30 170 M M 9 1 43 160
15 41 25 33 1 32 0 0.01 M M 6.3 21 280 M M 8 1 27 270
16 37 22 30 -2 35 0 0.00 M M 5.3 14 300 M M 7 12 19 360
17 37 19 28 -4 37 0 0.00 M M 1.7 7 230 M M 5 18 10 250
18 36 19 28 -4 37 0 0.27 M M 3.8 21 170 M M 6 1 30 180
19 28 -2 13 -19 52 0 0.00 M M 2.3 13 280 M M 5 128 20 260
20 20 -6 7 -25 58 0 0.00 M M 1.0 6 230 M M 4 128 8 140
21 32 -4 14 -18 51 0 0.02 M M 1.8 9 140 M M 1 18 12 120
22 34 0 17 -15 48 0 0.00 M M 2.4 12 300 M M 0 18 16 290
23 32 2 17 -15 48 0 0.00 M M 2.3 9 160 M M 0 18 12 150
24 34 0 17 -16 48 0 0.00 M M 1.6 9 70 M M 0 18 12 70
25 36 4 20 -13 45 0 0.00 M M 1.3 6 120 M M 0 18 7 110
26 42 7 25 -8 40 0 0.00 M M 1.2 8 170 M M 2 12 10 180
27 44 15 30 -3 35 0 0.00 M M 5.0 20 310 M M 3 1 29 310
28 39 13 26 -7 39 0 0.00 M M 1.4 9 270 M M 2 18 12 290
29 30 12 21 -12 44 0 0.02 M M 11.9 25 10 M M 3 1 34 10
30 30 1 16 -17 49 0 0.00 M M 3.1 15 20 M M 0 18 22 20
31 42 5 24 -9 41 0 0.00 M M 3.1 10 40 M M 1 18 14 200
================================================================================
SM 1186 519 1158 0 1.45 M 179.5 M 145
================================================================================
AV 38.3 16.7 5.8 FASTST M M 5 MAX(MPH)
MISC ----> 32 240 50 240
================================================================================
NOTES:
# LAST OF SEVERAL OCCURRENCES
COLUMN 17 PEAK WIND IN M.P.H.
PRELIMINARY LOCAL CLIMATOLOGICAL DATA (WS FORM: F-6) , PAGE 2
STATION: ALTURAS CA
MONTH: JANUARY
YEAR: 2023
LATITUDE: 41 29 N
LONGITUDE: 120 34 W
[TEMPERATURE DATA] [PRECIPITATION DATA] SYMBOLS USED IN COLUMN 16
AVERAGE MONTHLY: 27.5 TOTAL FOR MONTH: 1.45 1 = FOG OR MIST
DPTR FM NORMAL: -4.3 DPTR FM NORMAL: 0.14 2 = FOG REDUCING VISIBILITY
HIGHEST: 52 ON 13,12 GRTST 24HR 0.88 ON 10-10 TO 1/4 MILE OR LESS
LOWEST: -6 ON 20 3 = THUNDER
SNOW, ICE PELLETS, HAIL 4 = ICE PELLETS
TOTAL MONTH: M 5 = HAIL
GRTST 24HR M ON M 6 = FREEZING RAIN OR DRIZZLE
GRTST DEPTH: M ON M 7 = DUSTSTORM OR SANDSTORM:
VSBY 1/2 MILE OR LESS
8 = SMOKE OR HAZE
[NO. OF DAYS WITH] [WEATHER - DAYS WITH] 9 = BLOWING SNOW
X = TORNADO
MAX 32 OR BELOW: 6 0.01 INCH OR MORE: 13
MAX 90 OR ABOVE: 0 0.10 INCH OR MORE: 5
MIN 32 OR BELOW: 27 0.50 INCH OR MORE: 0
MIN 0 OR BELOW: 5 1.00 INCH OR MORE: 0
[HDD (BASE 65) ]
TOTAL THIS MO. 1158 CLEAR (SCALE 0-3) 10
DPTR FM NORMAL 129 PTCLDY (SCALE 4-7) 16
TOTAL FM JUL 1 4102 CLOUDY (SCALE 8-10) 5
DPTR FM NORMAL 358
[CDD (BASE 65) ]
TOTAL THIS MO. 0
DPTR FM NORMAL 0 [PRESSURE DATA]
TOTAL FM JAN 1 0 HIGHEST SLP 30.80 ON 26
DPTR FM NORMAL 0 LOWEST SLP 29.41 ON 14
[REMARKS]
#FINAL-01-23#