000
CXUS56 KMFR 011030
CF6AAT
PRELIMINARY LOCAL CLIMATOLOGICAL DATA (WS FORM: F-6)
STATION: ALTURAS CA
MONTH: NOVEMBER
YEAR: 2021
LATITUDE: 41 29 N
LONGITUDE: 120 34 W
TEMPERATURE IN F: :PCPN: SNOW: WIND :SUNSHINE: SKY :PK WND
================================================================================
1 2 3 4 5 6A 6B 7 8 9 10 11 12 13 14 15 16 17 18
12Z AVG MX 2MIN
DY MAX MIN AVG DEP HDD CDD WTR SNW DPTH SPD SPD DIR MIN PSBL S-S WX SPD DR
================================================================================
1 52 35 44 2 21 0 0.01 M M 3.6 16 170 M M 9 1 23 160
2 57 33 45 3 20 0 0.00 M M 2.7 9 240 M M 2 1 13 240
3 66 28 47 5 18 0 0.00 M M 5.7 23 170 M M 1 18 35 170
4 54 30 42 1 23 0 T M M 14.9 36 240 M M 4 1 50 240
5 58 30 44 3 21 0 T M M 5.5 23 210 M M 5 1 34 210
6 47 33 40 -1 25 0 T M M 6.8 21 270 M M 8 28 270
7 45 19 32 -8 33 0 T M M 1.9 8 270 M M 2 18 13 250
8 53 17 35 -5 30 0 0.01 M M 8.6 23 190 M M 3 18 34 190
9 48 28 38 -2 27 0 0.02 M M 8.1 21 260 M M 7 1 27 260
10 47 28 38 -2 27 0 T M M 1.8 9 180 M M 10 1 11 160
11 63 33 48 9 17 0 0.00 M M 1.3 8 60 M M 3 12 11 60
12 68 25 47 8 18 0 0.00 M M 1.4 10 260 M M 2 128 14 260
13 65 27 46 8 19 0 0.00 M M 0.9 7 60 M M 0 18 10 320
14 69 28 49 11 16 0 0.00 M M 1.1 9 80 M M 0 18 11 80
15 64 28 46 8 19 0 0.01 M M 6.0 25 240 M M 2 1 34 240
16 50 22 36 -2 29 0 T M M 4.9 15 320 M M 3 8 19 320
17 51 14 33 -4 32 0 0.00 M M 4.7 18 160 M M 0 18 26 160
18 54 26 40 3 25 0 T M M 5.8 23 200 M M 7 8 34 200
19 51 24 38 2 27 0 T M M 5.3 17 190 M M 6 1 24 170
20 48 15 32 -4 33 0 0.00 M M 1.0 6 200 M M 3 128 9 150
21 57 11 34 -2 31 0 0.00 M M 4.0 20 150 M M 0 18 29 150
22 59 14 37 1 28 0 0.00 M M 1.8 9 80 M M 0 18 11 80
23 46 17 32 -3 33 0 0.00 M M 7.5 24 320 M M 4 18 32 320
24 48 9 29 -6 36 0 0.00 M M 2.3 9 120 M M 0 18 12 120
25 59 15 37 2 28 0 0.00 M M 4.6 14 150 M M 0 8 19 150
26 59 21 40 6 25 0 0.00 M M 0.7 8 130 M M 1 8 9 130
27 61 23 42 8 23 0 0.00 M M 1.6 7 120 M M 2 18 8 120
28 65 25 45 11 20 0 0.00 M M 1.2 7 270 M M 0 18 8 260
29 64 20 42 9 23 0 0.00 M M 0.8 7 160 M M 2 128 10 180
30 60 19 40 7 25 0 0.00 M M 1.5 8 90 M M 0 18 12 90
================================================================================
SM 1688 697 752 0 0.05 M 118.0 M 86
================================================================================
AV 56.3 23.2 3.9 FASTST M M 3 MAX(MPH)
MISC ----> 36 240 50 240
================================================================================
NOTES:
# LAST OF SEVERAL OCCURRENCES
COLUMN 17 PEAK WIND IN M.P.H.
PRELIMINARY LOCAL CLIMATOLOGICAL DATA (WS FORM: F-6) , PAGE 2
STATION: ALTURAS CA
MONTH: NOVEMBER
YEAR: 2021
LATITUDE: 41 29 N
LONGITUDE: 120 34 W
[TEMPERATURE DATA] [PRECIPITATION DATA] SYMBOLS USED IN COLUMN 16
AVERAGE MONTHLY: 39.8 TOTAL FOR MONTH: 0.05 1 = FOG OR MIST
DPTR FM NORMAL: 2.0 DPTR FM NORMAL: -1.15 2 = FOG REDUCING VISIBILITY
HIGHEST: 69 ON 14 GRTST 24HR 0.03 ON 8- 9 TO 1/4 MILE OR LESS
LOWEST: 9 ON 24 3 = THUNDER
SNOW, ICE PELLETS, HAIL 4 = ICE PELLETS
TOTAL MONTH: M 5 = HAIL
GRTST 24HR M ON M 6 = FREEZING RAIN OR DRIZZLE
GRTST DEPTH: M ON M 7 = DUSTSTORM OR SANDSTORM:
VSBY 1/2 MILE OR LESS
8 = SMOKE OR HAZE
[NO. OF DAYS WITH] [WEATHER - DAYS WITH] 9 = BLOWING SNOW
X = TORNADO
MAX 32 OR BELOW: 0 0.01 INCH OR MORE: 4
MAX 90 OR ABOVE: 0 0.10 INCH OR MORE: 0
MIN 32 OR BELOW: 26 0.50 INCH OR MORE: 0
MIN 0 OR BELOW: 0 1.00 INCH OR MORE: 0
[HDD (BASE 65) ]
TOTAL THIS MO. 752 CLEAR (SCALE 0-3) 20
DPTR FM NORMAL -68 PTCLDY (SCALE 4-7) 7
TOTAL FM JUL 1 1591 CLOUDY (SCALE 8-10) 3
DPTR FM NORMAL -57
[CDD (BASE 65) ]
TOTAL THIS MO. 0
DPTR FM NORMAL 0 [PRESSURE DATA]
TOTAL FM JAN 1 478 HIGHEST SLP 30.61 ON 21
DPTR FM NORMAL 243 LOWEST SLP 29.81 ON 8
[REMARKS]
#FINAL-11-21#