000
CXUS55 KABQ 011543
CF6ABQ
PRELIMINARY LOCAL CLIMATOLOGICAL DATA (WS FORM: F-6)
STATION: ALBUQUERQUE NM
MONTH: FEBRUARY
YEAR: 2022
LATITUDE: 35 2 N
LONGITUDE: 106 37 W
TEMPERATURE IN F: :PCPN: SNOW: WIND :SUNSHINE: SKY :PK WND
================================================================================
1 2 3 4 5 6A 6B 7 8 9 10 11 12 13 14 15 16 17 18
12Z AVG MX 2MIN
DY MAX MIN AVG DEP HDD CDD WTR SNW DPTH SPD SPD DIR MIN PSBL S-S WX SPD DR
================================================================================
1 48 30 39 0 26 0 T 0.0 0 4.4 13 120 M M 9 17 330
2 41 17 29 -11 36 0 0.06 1.6 0 21.2 38 80 M M 10 19 47 80
3 24 12 18 -22 47 0 T 0.2 1 7.2 31 90 M M 5 1 39 80
4 32 10 21 -19 44 0 0.00 0.0 T 4.7 12 180 M M 0 15 330
5 40 9 25 -15 40 0 0.00 0.0 0 3.4 9 200 M M 0 12 350
6 41 20 31 -9 34 0 0.00 0.0 0 9.4 26 90 M M 2 32 90
7 47 21 34 -6 31 0 0.00 0.0 0 3.9 10 10 M M 0 12 20
8 53 21 37 -3 28 0 0.00 0.0 0 3.6 12 70 M M 3 16 50
9 55 24 40 -1 25 0 0.00 0.0 0 5.1 13 350 M M 3 17 330
10 57 27 42 1 23 0 0.00 0.0 0 7.2 15 10 M M 3 20 360
11 61 37 49 8 16 0 0.00 0.0 0 8.4 28 90 M M 2 38 90
12 49 29 39 -2 26 0 0.00 0.0 0 11.0 26 80 M M 2 39 90
13 56 22 39 -3 26 0 0.00 0.0 0 3.7 9 10 M M 0 12 220
14 61 28 45 3 20 0 0.00 0.0 0 3.6 10 170 M M 1 13 170
15 65 31 48 6 17 0 0.00 0.0 0 8.5 26 170 M M 4 8 38 150
16 60 33 47 5 18 0 0.00 0.0 0 10.0 35 220 M M 4 8 49 270
17 40 28 34 -8 31 0 0.16 2.0 0 7.3 22 90 M M 8 128 27 90
18 52 21 37 -6 28 0 0.00 0.0 0 4.7 15 340 M M 0 19 310
19 55 25 40 -3 25 0 0.00 0.0 0 3.8 10 10 M M 0 13 200
20 62 28 45 2 20 0 0.00 0.0 0 4.4 14 170 M M 3 17 190
21 60 34 47 4 18 0 0.00 0.0 0 9.5 31 260 M M 6 44 260
22 60 30 45 1 20 0 0.00 0.0 0 15.7 38 90 M M 1 49 80
23 44 18 31 -13 34 0 T 0.3 0 20.2 41 80 M M 4 1 51 80
24 42 15 29 -15 36 0 0.05 1.5 2 5.8 20 310 M M 4 12 25 330
25 51 21 36 -8 29 0 0.00 0.0 0 4.5 15 230 M M 2 21 200
26 50 28 39 -6 26 0 0.00 0.0 0 9.7 20 340 M M 0 29 320
27 55 23 39 -6 26 0 0.00 0.0 0 4.6 10 350 M M 2 8 14 10
28 61 30 46 1 19 0 0.00 0.0 0 4.1 13 330 M M 8 17 350
================================================================================
SM 1422 672 769 0 0.27 5.6 209.6 M 86
================================================================================
AV 50.8 24.0 7.5 FASTST M M 3 MAX(MPH)
MISC ----> 41 80 51 80
================================================================================
NOTES:
# LAST OF SEVERAL OCCURRENCES
COLUMN 17 PEAK WIND IN M.P.H.
PRELIMINARY LOCAL CLIMATOLOGICAL DATA (WS FORM: F-6) , PAGE 2
STATION: ALBUQUERQUE NM
MONTH: FEBRUARY
YEAR: 2022
LATITUDE: 35 2 N
LONGITUDE: 106 37 W
[TEMPERATURE DATA] [PRECIPITATION DATA] SYMBOLS USED IN COLUMN 16
AVERAGE MONTHLY: 37.4 TOTAL FOR MONTH: 0.27 1 = FOG OR MIST
DPTR FM NORMAL: -4.5 DPTR FM NORMAL: -0.16 2 = FOG REDUCING VISIBILITY
HIGHEST: 65 ON 15 GRTST 24HR 0.16 ON 16-17 TO 1/4 MILE OR LESS
LOWEST: 9 ON 5 3 = THUNDER
SNOW, ICE PELLETS, HAIL 4 = ICE PELLETS
TOTAL MONTH: 5.6 INCHES 5 = HAIL
GRTST 24HR 2.0 ON 17-17 6 = FREEZING RAIN OR DRIZZLE
GRTST DEPTH: 2 ON 24 7 = DUSTSTORM OR SANDSTORM:
VSBY 1/2 MILE OR LESS
8 = SMOKE OR HAZE
[NO. OF DAYS WITH] [WEATHER - DAYS WITH] 9 = BLOWING SNOW
X = TORNADO
MAX 32 OR BELOW: 2 0.01 INCH OR MORE: 3
MAX 90 OR ABOVE: 0 0.10 INCH OR MORE: 1
MIN 32 OR BELOW: 25 0.50 INCH OR MORE: 0
MIN 0 OR BELOW: 0 1.00 INCH OR MORE: 0
[HDD (BASE 65) ]
TOTAL THIS MO. 769 CLEAR (SCALE 0-3) 14
DPTR FM NORMAL 124 PTCLDY (SCALE 4-7) 12
TOTAL FM JUL 1 2976 CLOUDY (SCALE 8-10) 2
DPTR FM NORMAL -215
[CDD (BASE 65) ]
TOTAL THIS MO. 0
DPTR FM NORMAL 0 [PRESSURE DATA]
TOTAL FM JAN 1 0 HIGHEST SLP 30.76 ON 4
DPTR FM NORMAL 0 LOWEST SLP 29.49 ON 16
[REMARKS]
#FINAL-02-22#