000
CXUS52 KTAE 010900
CF6ABY
PRELIMINARY LOCAL CLIMATOLOGICAL DATA (WS FORM: F-6)
STATION: ALBANY
MONTH: NOVEMBER
YEAR: 2022
LATITUDE: 31 31 N
LONGITUDE: 84 11 W
TEMPERATURE IN F: :PCPN: SNOW: WIND :SUNSHINE: SKY :PK WND
================================================================================
1 2 3 4 5 6A 6B 7 8 9 10 11 12 13 14 15 16 17 18
12Z AVG MX 2MIN
DY MAX MIN AVG DEP HDD CDD WTR SNW DPTH SPD SPD DIR MIN PSBL S-S WX SPD DR
================================================================================
1 80 48 64 1 1 0 0.00 M M 2.8 12 50 M M 0 16 30
2 83 53 68 5 0 3 0.00 0.0 0 2.7 9 300 M M 0 15 280
3 82 54 68 6 0 3 0.00 0.0 0 6.9 14 90 M M 0 1 19 60
4 82 53 68 6 0 3 0.00 M M 4.3 13 90 M M 0 1 18 40
5 85 58 72 10 0 7 0.00 M M 4.4 18 160 M M 2 24 160
6 86 65 76 15 0 11 0.00 0.0 0 4.7 15 130 M M 3 23 140
7 87 65 76 15 0 11 0.00 0.0 0 5.7 14 50 M M 2 1 18 50
8 86 64 75 14 0 10 0.00 0.0 0 9.3 22 60 M M 1 27 50
9 72 54 63 3 2 0 0.00 0.0 0 14.9 23 60 M M 2 29 60
10 70 58 64 4 1 0 0.87 0.0 0 16.5 22 10 M M 9 1 37 340
11 72 65 69 9 0 4 0.45 0.0 0 10.3 21 210 M M 10 1 27 90
12 80 57 69 9 0 4 0.00 0.0 0 8.1 17 340 M M 8 18 22 320
13 60 41 51 -8 14 0 0.00 0.0 0 8.7 17 330 M M 3 23 330
14 64 38 51 -8 14 0 0.00 0.0 M 9.3 16 50 M M 3 23 50
15 73 52 63 4 2 0 0.15 0.0 M 7.1 17 330 M M 9 18 21 340
16 60 46 53 -5 12 0 0.00 0.0 M 8.7 16 330 M M 5 21 340
17 56 38 47 -11 18 0 0.00 M M 6.4 16 320 M M 0 20 320
18 58 27 43 -15 22 0 0.00 0.0 M 2.9 13 50 M M 0 18 350
19 59 33 46 -12 19 0 T 0.0 M 2.5 12 40 M M 1 14 350
20 49 33 41 -16 24 0 0.06 0.0 0 4.7 12 10 M M 1 16 10
21 66 33 50 -7 15 0 0.00 0.0 0 5.7 14 50 M M 1 17 50
22 71 51 61 4 4 0 0.00 0.0 0 6.5 13 60 M M 4 18 60
23 71 55 63 6 2 0 0.00 0.0 0 6.0 15 60 M M 5 19 60
24 74 55 65 9 0 0 T 0.0 0 8.3 14 60 M M 9 8 18 60
25 62 56 59 3 6 0 0.12 0.0 0 6.7 12 10 M M 10 1 15 10
26 66 58 62 6 3 0 0.00 0.0 M 6.4 13 90 M M 10 18 15 90
27 73 53 63 7 2 0 0.25 0.0 M 11.0 21 250 M M 4 1 30 250
28 74 47 61 5 4 0 0.00 0.0 M 3.5 14 290 M M 0 8 19 290
29 77 45 61 6 4 0 0.00 0.0 M 5.1 17 150 M M 4 1 19 150
30 72 50 61 6 4 0 1.34 0.0 0 7.9 21 350 M M 4 13 29 330
================================================================================
SM 2150 1505 173 56 3.24 0.0 208.0 M 110
================================================================================
AV 71.7 50.2 6.9 FASTST M M 4 MAX(MPH)
MISC ----> 23 60 37 340
================================================================================
NOTES:
# LAST OF SEVERAL OCCURRENCES
COLUMN 17 PEAK WIND IN M.P.H.
PRELIMINARY LOCAL CLIMATOLOGICAL DATA (WS FORM: F-6) , PAGE 2
STATION: ALBANY
MONTH: NOVEMBER
YEAR: 2022
LATITUDE: 31 31 N
LONGITUDE: 84 11 W
[TEMPERATURE DATA] [PRECIPITATION DATA] SYMBOLS USED IN COLUMN 16
AVERAGE MONTHLY: 60.9 TOTAL FOR MONTH: 3.24 1 = FOG OR MIST
DPTR FM NORMAL: 2.2 DPTR FM NORMAL: 0.30 2 = FOG REDUCING VISIBILITY
HIGHEST: 87 ON 7 GRTST 24HR 1.34 ON 30-30 TO 1/4 MILE OR LESS
LOWEST: 27 ON 18 3 = THUNDER
SNOW, ICE PELLETS, HAIL 4 = ICE PELLETS
TOTAL MONTH: 0.0 INCH 5 = HAIL
GRTST 24HR 0.0 6 = FREEZING RAIN OR DRIZZLE
GRTST DEPTH: 0 7 = DUSTSTORM OR SANDSTORM:
VSBY 1/2 MILE OR LESS
8 = SMOKE OR HAZE
[NO. OF DAYS WITH] [WEATHER - DAYS WITH] 9 = BLOWING SNOW
X = TORNADO
MAX 32 OR BELOW: 0 0.01 INCH OR MORE: 7
MAX 90 OR ABOVE: 0 0.10 INCH OR MORE: 6
MIN 32 OR BELOW: 1 0.50 INCH OR MORE: 2
MIN 0 OR BELOW: 0 1.00 INCH OR MORE: 1
[HDD (BASE 65) ]
TOTAL THIS MO. 173 CLEAR (SCALE 0-3) 17
DPTR FM NORMAL -48 PTCLDY (SCALE 4-7) 7
TOTAL FM JUL 1 241 CLOUDY (SCALE 8-10) 6
DPTR FM NORMAL -26
[CDD (BASE 65) ]
TOTAL THIS MO. 56
DPTR FM NORMAL 22 [PRESSURE DATA]
TOTAL FM JAN 1 2915 HIGHEST SLP 30.44 ON 21
DPTR FM NORMAL 235 LOWEST SLP 29.46 ON 11
[REMARKS]
#FINAL-11-22#